{"id":1102,"date":"2022-06-03T11:25:40","date_gmt":"2022-06-03T09:25:40","guid":{"rendered":"https:\/\/medienvielfalt.net\/?page_id=1102"},"modified":"2022-07-12T13:32:18","modified_gmt":"2022-07-12T11:32:18","slug":"impressum","status":"publish","type":"page","link":"https:\/\/medienvielfalt.net\/index.php\/ausstellung\/impressum\/","title":{"rendered":"IMPRESSUM"},"content":{"rendered":"\n<div class=\"wp-block-themeisle-blocks-advanced-columns has-1-columns has-desktop-equal-layout has-tablet-equal-layout has-mobile-equal-layout has-default-gap has-vertical-unset\" id=\"wp-block-themeisle-blocks-advanced-columns-6aff965c\"><div class=\"wp-block-themeisle-blocks-advanced-columns-overlay\"><\/div><div class=\"innerblocks-wrap\">\n<div class=\"wp-block-themeisle-blocks-advanced-column\" id=\"wp-block-themeisle-blocks-advanced-column-cf38773a\">\n<p><strong>Mitwirkende:<\/strong><\/p>\n\n\n\n<p>Rufine Songu\u00e9<br>Yumn Ammar<br>Ahmet \u00c7elik<br>Saher Iskaf<br>Alhassane Diallo<br>Nadia Nassani<br>Megha Uchil<br>Ward Aldayeh<br>Rouby Baba-Traore<\/p>\n\n\n\n<p><strong>Grafiken: <\/strong>Alhassane Diallo, Megha Uchil und Franziska St\u00fcbgen<br><strong>Audio- und Videoproduktion: <\/strong>Rufine Songu\u00e9, Ahmet \u00c7elik und Saher Iskaf<br><strong>Fotografien: <\/strong>Chris Wohlwill und Luise Marbach<br><strong>Redaktionelle Bearbeitung der Texte: <\/strong>Anna Trautwein, Chris Wohlwill und Melissa Schulz<br><strong>Bildbearbeitung, Layout und Satz:<\/strong> Franziska St\u00fcbgen<br><strong>Ausstellungsbauten:<\/strong> Nils Nadrowski<br><strong>Technische Einrichtung:<\/strong> Luise Marbach, Frieder Strohmaier und Andreas K\u00fcstner<br><strong>Konzeptuelle Begleitung, Organisation und Produktion:<\/strong> Luise Marbach<\/p>\n\n\n\n<p><strong>Danksagung:<\/strong><br>Unser Dank geht an alle Menschen, die auf den Netzwerktreffen in Gruppendiskussionen und Workshops zur Entwicklung der Ausstellung ihre Ideen und Perspektiven mit uns geteilt haben. Unser Dank geht auch an die \u00dcbersetzer:innen.<\/p>\n\n\n\n<p><strong>Kontakt:<\/strong><br><a href=\"mailto:ausstellung@medienvielfalt.net\">ausstellung@medienvielfalt.net<\/a><\/p>\n\n\n\n<p><strong>F\u00f6rderung:<\/strong><br>Das Projekt \u201enetzwerk medien.vielfalt!\u201c und die Ausstellung wird gef\u00f6rdert von der Beauftragten der Bundesregierung f\u00fcr Migration, Fl\u00fcchtlinge und Integration.<\/p>\n\n\n\n<hr class=\"wp-block-separator\"\/>\n\n\n\n<h1 class=\"wp-block-heading\">Imprint<\/h1>\n\n\n\n<p><br><br><strong>Contributors:<br><\/strong><br>Rufine Songu\u00e9<br>Yumn Ammar<br>Ahmet \u00c7elik<br>Saher Iskaf<br>Alhassane Diallo<br>Nadia Nassani<br>Megha Uchil<br>Ward Aldayeh<br>Rouby Baba-Traor\u00e9<br><br><strong>Graphics:<\/strong> Alhassane Diallo, Megha Uchil and Franziska St\u00fcbgen<br><strong>Audio and video production:<\/strong> Rufine Songu\u00e9, Ahmet \u00c7elik and Saher Iskaf<br><strong>Photographs: <\/strong>Chris Wohlwill and Luise Marbach<br><strong>Editing of texts:<\/strong> Anna Trautwein, Chris Wohlwill and Melissa Schulz<br><strong>Image editing, layout and typesetting:<\/strong> Franziska St\u00fcbgen<br><strong>Exhibition buildings:<\/strong> Nils Nadrowski<br><strong>Technical equipment:<\/strong> Luise Marbach, Frieder Strohmaier and Andreas K\u00fcstner<br><strong>Conceptual support, organization and production:<\/strong> Luise Marbach<br><br><strong>Acknowledgements:<\/strong><br>Our thanks go to all the people who shared their ideas and perspectives with us at the network meetings in group discussions and workshops on the development of the exhibition. Our thanks also go to the translators:inside.<br><br><strong>Contact:<\/strong><br><a href=\"mailto:ausstellung@medienvielfalt.net\">ausstellung@medienvielfalt.net<br><\/a><br><strong>Funding:<\/strong><br>The project &#8222;netzwerk medien.vielfalt!&#8220; and the exhibition are funded by the Federal Government Commissioner for Migration, Refugees and Integration.<\/p>\n<\/div>\n<\/div><\/div>\n\n\n\n<p><\/p>\n","protected":false},"excerpt":{"rendered":"","protected":false},"author":6,"featured_media":0,"parent":1035,"menu_order":5,"comment_status":"closed","ping_status":"closed","template":"","meta":{"_cbd_carousel_blocks":"[]","neve_meta_sidebar":"full-width","neve_meta_container":"","neve_meta_enable_content_width":"on","neve_meta_content_width":100,"neve_meta_title_alignment":"","neve_meta_author_avatar":"","neve_post_elements_order":"","neve_meta_disable_header":"","neve_meta_disable_footer":"","neve_meta_disable_title":"","_themeisle_gutenberg_block_has_review":false,"footnotes":""},"class_list":["post-1102","page","type-page","status-publish","hentry"],"_links":{"self":[{"href":"https:\/\/medienvielfalt.net\/index.php\/wp-json\/wp\/v2\/pages\/1102","targetHints":{"allow":["GET"]}}],"collection":[{"href":"https:\/\/medienvielfalt.net\/index.php\/wp-json\/wp\/v2\/pages"}],"about":[{"href":"https:\/\/medienvielfalt.net\/index.php\/wp-json\/wp\/v2\/types\/page"}],"author":[{"embeddable":true,"href":"https:\/\/medienvielfalt.net\/index.php\/wp-json\/wp\/v2\/users\/6"}],"replies":[{"embeddable":true,"href":"https:\/\/medienvielfalt.net\/index.php\/wp-json\/wp\/v2\/comments?post=1102"}],"version-history":[{"count":4,"href":"https:\/\/medienvielfalt.net\/index.php\/wp-json\/wp\/v2\/pages\/1102\/revisions"}],"predecessor-version":[{"id":1272,"href":"https:\/\/medienvielfalt.net\/index.php\/wp-json\/wp\/v2\/pages\/1102\/revisions\/1272"}],"up":[{"embeddable":true,"href":"https:\/\/medienvielfalt.net\/index.php\/wp-json\/wp\/v2\/pages\/1035"}],"wp:attachment":[{"href":"https:\/\/medienvielfalt.net\/index.php\/wp-json\/wp\/v2\/media?parent=1102"}],"curies":[{"name":"wp","href":"https:\/\/api.w.org\/{rel}","templated":true}]}}