{"id":1243,"date":"2022-06-09T19:26:03","date_gmt":"2022-06-09T17:26:03","guid":{"rendered":"https:\/\/medienvielfalt.net\/?page_id=1243"},"modified":"2022-07-07T16:33:45","modified_gmt":"2022-07-07T14:33:45","slug":"quiz-deutsch","status":"publish","type":"page","link":"https:\/\/medienvielfalt.net\/index.php\/ausstellung\/quiz\/quiz-deutsch\/","title":{"rendered":"Quiz Deutsch"},"content":{"rendered":"\n<main class=\"wp-block-group\"><div class=\"wp-block-group__inner-container is-layout-flow wp-block-group-is-layout-flow\"><\/div><\/main>\n\n\n\n<div class=\"wp-block-buttons is-content-justification-center is-layout-flex wp-container-core-buttons-is-layout-16018d1d wp-block-buttons-is-layout-flex\">\n<div class=\"wp-block-button is-style-primary\"><a class=\"wp-block-button__link\" href=\"https:\/\/medienvielfalt.net\/index.php\/ausstellung\/quiz\/\" target=\"_blank\" rel=\"noreferrer noopener\">Andere Sprache<\/a><\/div>\n<\/div>\n\n\n\n<p class=\"ticss-8199677d\">1. Weltweit sind laut Z\u00e4hlungen des UNHCR 84 Millionen Menschen auf der Flucht. (Stand Sommer 2021). Seit dem 24. Februar 2022 sind ausserdem viele Menschen aus der Ukraine auf der Flucht. Bisher sind es bereits \u00fcber 4 Millionen Menschen zus\u00e4tzlich zu den 84 Millionen. (Stand 31.3.2022)<\/p>\n\n\n\n<p>Quellen: <br><a href=\"https:\/\/www.unhcr.org\/refugee-statistics\/\">https:\/\/www.unhcr.org\/refugee-statistics\/<\/a> und <a href=\"https:\/\/data2.unhcr.org\/en\/situations\/ukraine\">https:\/\/data2.unhcr.org\/en\/situations\/ukraine<\/a><\/p>\n\n\n\n<hr class=\"wp-block-separator\"\/>\n\n\n\n<p>2. \u00dcber zweidrittel aller Gefl\u00fcchteten weiltweit, rund 68 Prozent, kommen aus folgenden f\u00fcnf L\u00e4ndern: Syrien, Afghanistan, S\u00fcdsudan, Myanmar, Venezuela<\/p>\n\n\n\n<p>Quelle: <a href=\"https:\/\/www.unhcr.org\/refugee-statistics\/\">https:\/\/www.unhcr.org\/refugee-statistics\/<\/a> (Stand: Mitte 2021)<\/p>\n\n\n\n<hr class=\"wp-block-separator\"\/>\n\n\n\n<p>3. Die T\u00fcrkei beherbergt mit 3,7 Millionen Menschen die gr\u00f6\u00dfte Zahl von Fl\u00fcchtlingen. An zweiter Stelle steht seit M\u00e4rz 2022 Polen, gefolgt von Kolumbien mit mehr als 1,7 Millionen Menschen, einschlie\u00dflich der ins Ausland vertriebenen Venezolaner:innen. In Uganda leben 1,5 Gefl\u00fcchtete. (Stand: Mitte 2021 und M\u00e4rz 2022)<\/p>\n\n\n\n<p>Quelle: <a href=\"https:\/\/www.unhcr.org\/refugee-statistics\/\">https:\/\/www.unhcr.org\/refugee-statistics\/<\/a><\/p>\n\n\n\n<hr class=\"wp-block-separator\"\/>\n\n\n\n<p>4. 42 Prozent bzw. 35 Millionen der gefl\u00fcchteten Menschen sind Kinder und Jugendlichen unter 18 Jahren. (Stand Mitte 2021)<\/p>\n\n\n\n<p>Quelle: <a href=\"https:\/\/www.unhcr.org\/refugee-statistics\/\">https:\/\/www.unhcr.org\/refugee-statistics\/<\/a><\/p>\n\n\n\n<hr class=\"wp-block-separator\"\/>\n\n\n\n<p>5. 85 Prozent der weltweit Gefl\u00fcchteten leben im globalen S\u00fcden in sogenannten Entwicklungsl\u00e4ndern*. Die am wenigsten entwickelten L\u00e4nder gew\u00e4hren 27 Prozent der Gesamtheit Asyl. (Stand Mitte 2021)<\/p>\n\n\n\n<p>Quelle: <a href=\"https:\/\/www.unhcr.org\/refugee-statistics\/\">https:\/\/www.unhcr.org\/refugee-statistics\/<\/a><\/p>\n\n\n\n<p>* Der Begriff des Entwicklungslands ist umstritten. Einen einheitlichen Begriff gibt es im deutschen Sprachgebrauch allerdings nicht.<\/p>\n\n\n\n<hr class=\"wp-block-separator\"\/>\n\n\n\n<p>6. Das moderne Asylrecht entwickelte sich im Zuge der europ\u00e4ischen Nationalstaatsbildung im 19. Jahrhundert, die von gro\u00dfen Fluchtbewegungen begleitet war. Das Grundrecht auf Asyl wurde in Deutschland nach dem Zweiten Weltkrieg 1948\/49 eingef\u00fchrt. \u00dcber die jeweilige nationale Gesetzgebung zum Schutz von Fl\u00fcchtlingen hinaus, bildet heute die Genfer Fl\u00fcchtlingskonvention von 1951 die Grundlage des internationalen Fl\u00fcchtlingsrechts. In Deutschland wurde in den vergangenen Jahrzehnten das Asylrecht immer wieder ver\u00e4ndert und eingesch\u00e4nkt, so zum Besipiel 1993 mit dem sogenannten Asylkompromiss oder 2016 mit dem sogenannten Asylpaket II.<\/p>\n\n\n\n<p>Quelle: <a href=\"https:\/\/www.bpb.de\/themen\/migration-integration\/kurzdossiers\/224641\/wie-ist-das-asylrecht-entstanden\/\">https:\/\/www.bpb.de\/themen\/migration-integration\/kurzdossiers\/224641\/wie-ist-das-asylrecht-entstanden\/<\/a> und <\/p>\n\n\n\n<p><a href=\"https:\/\/mediendienst-integration.de\/migration\/flucht-asyl\/asylrecht.html\">https:\/\/mediendienst-integration.de\/migration\/flucht-asyl\/asylrecht.html<\/a><\/p>\n\n\n\n<hr class=\"wp-block-separator\"\/>\n\n\n\n<p>7. 145.071 Menschen beantragten 2020 Asyl in Deutschland. Davon erhielten 1,2 % ein Asyl nach Artikel 16 des deutschen Grundgesetz. 26,1 % wurde eine Fl\u00fcchtlingseigenschaft anerkannt. Rund 17 % haben subsid\u00e4ren Schutz erhalten oder eine Abschiebeverbot wurde festgestellt. \u00dcber 50 % wurden abgelehnt. Quelle: <a href=\"https:\/\/www.bamf.de\/SharedDocs\/Anlagen\/DE\/Statistik\/BundesamtinZahlen\/bundesamt-in-zahlen-2020.pdf?__blob=publicationFile&amp;v=2\">https:\/\/www.bamf.de\/SharedDocs\/Anlagen\/DE\/Statistik\/BundesamtinZahlen\/bundesamt-in-zahlen-2020.pdf?__blob=publicationFile&amp;v=2<\/a> , S. 52<\/p>\n\n\n\n<hr class=\"wp-block-separator\"\/>\n\n\n\n<p>8. Antwort: Glaubens- und Gewissensfreiheit. Fragen und Antworten, wie diese, sind Teil des deutschen Orienterungskurses und des &#8222;Zertifikat Integrationskurs&#8220;. In dem Kurs werden in 100 Unterrichtsstunden Kenntnisse zu Staat, Gesellschaft und Geschichte Deutschlands vermittelt. Das Zertifikat ben\u00f6tigt man neben einer Vielzahl weiterer Voraussetzungen auch f\u00fcr eine erfolgreiche Einb\u00fcrgerung.<\/p>\n\n\n\n<p>Quelle: <a href=\"https:\/\/www.einbuergerungstest-online.eu\/fragen\/\">https:\/\/www.einbuergerungstest-online.eu\/fragen\/<\/a><\/p>\n\n\n\n<hr class=\"wp-block-separator\"\/>\n\n\n\n<p>9. und 10. Es gibt wenige Studien, die untersuchen, wie viele Menschen mit sogenannten Migrationshintergrund als Journalist:innen in den deutschen Medien t\u00e4tig sind. Eine Studie aus dem Jahr 2016 zeigt: Nicht mehr als vier bis f\u00fcnf Prozent der Journalist:innen in Deutschland haben einen Migrationshintergrund. Eine Befragung von Chefredakteur:innen der 126 reichweitenst\u00e4rksten deutschen Medien aus dem Jahr 2020 hat gezeigt: sechs Prozent der Chefredakteur:innen haben eine Einwanderungsgeschichte \u2013 und die kommen alle aus Nachbarstaaten Deutschlands oder der EU.<\/p>\n\n\n\n<p>Quellen: <a href=\"https:\/\/mediendienst-integration.de\/integration\/medien.html\">https:\/\/mediendienst-integration.de\/integration\/medien.html<\/a> und<\/p>\n\n\n\n<p><a href=\"https:\/\/neuemedienmacher.de\/fileadmin\/dateien\/PDF_Borschueren-Infomaterial-Flyer\/20200509_NdM_Bericht_Diversity_im_Journalismus.pdf\">https:\/\/neuemedienmacher.de\/fileadmin\/dateien\/PDF_Borschueren-Infomaterial-Flyer\/20200509_NdM_Bericht_Diversity_im_Journalismus.pdf<\/a><\/p>\n\n\n\n<hr class=\"wp-block-separator\"\/>\n\n\n\n<p>11. Nigeria liegt auf Platz drei der Sprachenvielfalt. Von den insgesamt 376 Sprachen im Land sind Englisch, Hausa, Igbo und Yoruba die Amtssprachen. Rekordhalter der Sprachenvielfalt sind Papua-Neuguinea mit 847 und Indonesien mit 655 Sprachen. Zwischen 6000 und 7000 Sprachen gibt es noch weltweit.<\/p>\n\n\n\n<p>Quelle: <a href=\"https:\/\/www.welt.de\/kultur\/article163312536\/Wo-es-viele-Tiere-gibt-gibt-es-viele-Sprachen.html\">https:\/\/www.welt.de\/kultur\/article163312536\/Wo-es-viele-Tiere-gibt-gibt-es-viele-Sprachen.html<\/a><\/p>\n\n\n\n<hr class=\"wp-block-separator\"\/>\n\n\n\n<p>12. Mandarin ist bisher weltweit mit 1,120 Milliarden Muttersprachler:innen die sprecherreichste Sprache. Der zweite Platz geht an Spanisch (460 Mio Sprecher:innen). Auf dem dritten Platz liegt Englisch (380 Mio. Sprecher:innen), dicht gefolgt von Hindi und Arabisch.<\/p>\n\n\n\n<p>Quelle: <a href=\"https:\/\/www.alphatrad.de\/aktuelles\/weltweit-meistgesprochene-sprachen\">https:\/\/www.alphatrad.de\/aktuelles\/weltweit-meistgesprochene-sprachen<\/a><\/p>\n\n\n\n<hr class=\"wp-block-separator\"\/>\n\n\n\n<p>13. In Deutschland gibt es acht Regional- und Minderheitensprachen. Dialekte und Sprachen von Einwanderer:innen werden nicht hinzugerechnet. Daher gilt z.B. T\u00fcrkisch nicht als Minderheitensprache. 25,5 % der in Deutschland lebenden Menschen haben eine Einwanderungsgeschichte. <strong>Die nach Staatsangeh\u00f6rigkeit gr\u00f6\u00dfte ausl\u00e4ndische Gruppe sind die knapp 1,5 Millionen T\u00fcrk:innen.<\/strong><\/p>\n\n\n\n<p>Quelle: <a href=\"https:\/\/de.wikipedia.org\/wiki\/Regional-_und_Minderheitensprachen_in_Europa\">https:\/\/de.wikipedia.org\/wiki\/Regional-_und_Minderheitensprachen_in_Europa<\/a><\/p>\n","protected":false},"excerpt":{"rendered":"<p>1. Weltweit sind laut Z\u00e4hlungen des UNHCR 84 Millionen Menschen auf der Flucht. (Stand Sommer 2021). Seit dem 24. Februar 2022 sind ausserdem viele Menschen aus der Ukraine auf der Flucht. Bisher sind es bereits \u00fcber 4 Millionen Menschen zus\u00e4tzlich zu den 84 Millionen. (Stand 31.3.2022) Quellen: https:\/\/www.unhcr.org\/refugee-statistics\/ und https:\/\/data2.unhcr.org\/en\/situations\/ukraine 2. \u00dcber zweidrittel aller Gefl\u00fcchteten&hellip;&nbsp;<a href=\"https:\/\/medienvielfalt.net\/index.php\/ausstellung\/quiz\/quiz-deutsch\/\" rel=\"bookmark\">Weiterlesen &raquo;<span class=\"screen-reader-text\">Quiz Deutsch<\/span><\/a><\/p>\n","protected":false},"author":6,"featured_media":0,"parent":1087,"menu_order":1,"comment_status":"closed","ping_status":"closed","template":"","meta":{"_cbd_carousel_blocks":"[]","neve_meta_sidebar":"full-width","neve_meta_container":"","neve_meta_enable_content_width":"off","neve_meta_content_width":50,"neve_meta_title_alignment":"left","neve_meta_author_avatar":"","neve_post_elements_order":"","neve_meta_disable_header":"","neve_meta_disable_footer":"","neve_meta_disable_title":"","_themeisle_gutenberg_block_has_review":false,"footnotes":""},"class_list":["post-1243","page","type-page","status-publish","hentry"],"_links":{"self":[{"href":"https:\/\/medienvielfalt.net\/index.php\/wp-json\/wp\/v2\/pages\/1243","targetHints":{"allow":["GET"]}}],"collection":[{"href":"https:\/\/medienvielfalt.net\/index.php\/wp-json\/wp\/v2\/pages"}],"about":[{"href":"https:\/\/medienvielfalt.net\/index.php\/wp-json\/wp\/v2\/types\/page"}],"author":[{"embeddable":true,"href":"https:\/\/medienvielfalt.net\/index.php\/wp-json\/wp\/v2\/users\/6"}],"replies":[{"embeddable":true,"href":"https:\/\/medienvielfalt.net\/index.php\/wp-json\/wp\/v2\/comments?post=1243"}],"version-history":[{"count":37,"href":"https:\/\/medienvielfalt.net\/index.php\/wp-json\/wp\/v2\/pages\/1243\/revisions"}],"predecessor-version":[{"id":1526,"href":"https:\/\/medienvielfalt.net\/index.php\/wp-json\/wp\/v2\/pages\/1243\/revisions\/1526"}],"up":[{"embeddable":true,"href":"https:\/\/medienvielfalt.net\/index.php\/wp-json\/wp\/v2\/pages\/1087"}],"wp:attachment":[{"href":"https:\/\/medienvielfalt.net\/index.php\/wp-json\/wp\/v2\/media?parent=1243"}],"curies":[{"name":"wp","href":"https:\/\/api.w.org\/{rel}","templated":true}]}}