{"id":130,"date":"2020-10-08T23:45:44","date_gmt":"2020-10-08T21:45:44","guid":{"rendered":"https:\/\/medienvielfalt.net\/?page_id=130"},"modified":"2020-11-04T14:46:08","modified_gmt":"2020-11-04T13:46:08","slug":"ueber-uns","status":"publish","type":"page","link":"https:\/\/medienvielfalt.net\/index.php\/ueber-uns\/","title":{"rendered":"\u00dcBER UNS"},"content":{"rendered":"\n<div class=\"wp-block-themeisle-blocks-advanced-columns has-2-columns has-desktop-oneTwo-layout has-tablet-equal-layout has-mobile-collapsedRows-layout has-default-gap has-vertical-unset\" id=\"wp-block-themeisle-blocks-advanced-columns-83a62e27\"><div class=\"wp-block-themeisle-blocks-advanced-columns-overlay\"><\/div><div class=\"innerblocks-wrap\">\n<div class=\"wp-block-themeisle-blocks-advanced-column\" id=\"wp-block-themeisle-blocks-advanced-column-3c5057a1\">\n<h2 class=\"has-neve-button-color-color has-text-color wp-block-heading\">Wer wir <br>sind<\/h2>\n<\/div>\n\n\n\n<div class=\"wp-block-themeisle-blocks-advanced-column\" id=\"wp-block-themeisle-blocks-advanced-column-35f14fd4\">\n<p><\/p>\n\n\n\n<p>Wir sind Medienmacher*innen mit Flucht- oder Migrationserfahrung. Wir erleben Rassismus und Diskriminierung. \u00dcber uns wird viel gesprochen, aber fast nie mit uns.<\/p>\n<\/div>\n<\/div><\/div>\n\n\n\n<div class=\"wp-block-themeisle-blocks-advanced-columns has-2-columns has-desktop-oneTwo-layout has-tablet-equal-layout has-mobile-collapsedRows-layout has-default-gap has-vertical-unset\" id=\"wp-block-themeisle-blocks-advanced-columns-b9ad5c99\"><div class=\"wp-block-themeisle-blocks-advanced-columns-overlay\"><\/div><div class=\"innerblocks-wrap\">\n<div class=\"wp-block-themeisle-blocks-advanced-column\" id=\"wp-block-themeisle-blocks-advanced-column-aee8eb5c\">\n<h2 class=\"has-white-color has-text-color wp-block-heading\">Unsere Mission<\/h2>\n<\/div>\n\n\n\n<div class=\"wp-block-themeisle-blocks-advanced-column\" id=\"wp-block-themeisle-blocks-advanced-column-ffd27271\">\n<p><\/p>\n\n\n\n<p>Wir verbinden Menschen und Medienprojekte. Wir erheben unsere Stimmen und mischen uns ein. Wir st\u00e4rken uns gegenseitig durch Weiterbildung und Austausch. Wir schaffen ein vielf\u00e4ltiges Netzwerk f\u00fcr Alle.<\/p>\n<\/div>\n<\/div><\/div>\n\n\n\n<div class=\"wp-block-themeisle-blocks-advanced-columns has-2-columns has-desktop-oneTwo-layout has-tablet-equal-layout has-mobile-collapsedRows-layout has-default-gap has-vertical-unset\" id=\"wp-block-themeisle-blocks-advanced-columns-041375a5\"><div class=\"wp-block-themeisle-blocks-advanced-columns-overlay\"><\/div><div class=\"innerblocks-wrap\">\n<div class=\"wp-block-themeisle-blocks-advanced-column\" id=\"wp-block-themeisle-blocks-advanced-column-afd26256\">\n<h2 class=\"has-neve-button-color-color has-text-color wp-block-heading\">Unsere <br>Vision<\/h2>\n<\/div>\n\n\n\n<div class=\"wp-block-themeisle-blocks-advanced-column\" id=\"wp-block-themeisle-blocks-advanced-column-f867ee02\">\n<p><\/p>\n\n\n\n<p>Wir wollen uns durch die Kraft der Medien h\u00f6rbar und verst\u00e4ndlich machen und auch andere dazu ermutigen. Wir sehen unsere Verantwortung darin, etwas dazu beizutragen, die Medienlandschaft nachhaltig zu ver\u00e4ndern und zu erweitern. Unser Ziel ist eine offene, vielf\u00e4ltige und zukunftsf\u00e4hige Gesellschaft.<\/p>\n<\/div>\n<\/div><\/div>\n\n\n\n<div class=\"wp-block-themeisle-blocks-advanced-columns has-2-columns has-desktop-oneTwo-layout has-tablet-equal-layout has-mobile-collapsedRows-layout has-default-gap has-vertical-unset\" id=\"wp-block-themeisle-blocks-advanced-columns-e6efbb5d\"><div class=\"wp-block-themeisle-blocks-advanced-columns-overlay\"><\/div><div class=\"innerblocks-wrap\">\n<div class=\"wp-block-themeisle-blocks-advanced-column\" id=\"wp-block-themeisle-blocks-advanced-column-28216551\">\n<h2 class=\"has-white-color has-text-color wp-block-heading\">Unser Leitbild<\/h2>\n<\/div>\n\n\n\n<div class=\"wp-block-themeisle-blocks-advanced-column\" id=\"wp-block-themeisle-blocks-advanced-column-d110c3aa\">\n<p class=\"has-text-align-left\">Das netzwerk medien.vielfalt! ist ein neues transkulturelles Netzwerk von Medienmacher*innen.<\/p>\n\n\n\n<p class=\"has-text-align-left\">Wir verbinden unterschiedliche Medienprojekte von Gefl\u00fcchteten und Migrant*innen in ganz Deutschland. Unsere Inhalte verst\u00e4rken die Stimmen von Menschen, die Diskriminierung erfahren und mit den Nachteilen leben m\u00fcssen, die es mit sich bringt, nicht als Teil der \u201cdeutschen Gesellschaft\u201c gesehen zu werden.<\/p>\n\n\n\n<p class=\"has-text-align-left\">Die Medien berichten in den letzten Jahren vermehrt \u00fcber Menschen mit Migrationshintergrund oder Fluchtgeschichte, aber gefragt werden wir nicht.&nbsp;<br>Jetzt berichten wir selbst! Durch unsere Stimmen wollen wir eine neue Perspektive in die deutsche Medienlandschaft einbringen. Wir berichten, was uns bewegt \u2013 und wir wollen die Debatte \u00fcber Flucht und Migration mitgestalten. Jedoch beschr\u00e4nken wir uns nicht auf \u201cmigrantische Themen\u201d oder unsere Communities: Wir machen Medien f\u00fcr Alle!<\/p>\n\n\n\n<p class=\"has-text-align-left\">Ab 2015 entstanden in Deutschland \u2013 vor allem bei Freien Radios \u2013 eine Anzahl von Redaktionen von und f\u00fcr Menschen mit Fluchterfahrung. Dabei war es uns von Anfang an wichtig, uns \u00fcberregional auszutauschen und von unseren Erfahrungen gegenseitig zu profitieren. Aus unseren Begegnungen entstand die Webseite \u201cColourful Voices\u201d, die unsere Inhalte b\u00fcndelt und bis heute unser Sprachrohr bleibt. Weil es uns f\u00fcr eine nachhaltige Zusammenarbeit an organisatorischer Unterst\u00fctzung fehlte, gr\u00fcndeten wir im&nbsp; Januar 2020 das netzwerk medien.vielfalt!. Nun sind wir in der Lage, nicht nur unsere gemeinsame Arbeit zu st\u00e4rken, sondern auch andere dabei zu unterst\u00fctzen, eigene Medienprojekte auf die Beine zu stellen oder voranzubringen.<\/p>\n\n\n\n<p class=\"has-text-align-left\">Als Netzwerk haben wir technische, finanzielle und organisatorische Mittel, um uns zu begegnen, auszutauschen und uns in verschiedenen journalistischen Bereichen weiterzubilden. Dadurch schaffen wir uns R\u00e4ume, in denen wir uns frei ausdr\u00fccken k\u00f6nnen \u2013 auch in unseren Sprachen. Diese R\u00e4ume gestalten wir selbst. Sie sind vielf\u00e4ltig und offen f\u00fcr neue Menschen, Formate und Ideen.<\/p>\n<\/div>\n<\/div><\/div>\n\n\n\n<div class=\"wp-block-themeisle-blocks-advanced-columns has-2-columns has-desktop-oneTwo-layout has-tablet-equal-layout has-mobile-collapsedRows-layout has-default-gap has-vertical-unset\" id=\"wp-block-themeisle-blocks-advanced-columns-e549bd77\"><div class=\"wp-block-themeisle-blocks-advanced-columns-overlay\"><\/div><div class=\"innerblocks-wrap\">\n<div class=\"wp-block-themeisle-blocks-advanced-column\" id=\"wp-block-themeisle-blocks-advanced-column-4ce86274\">\n<figure class=\"wp-block-image size-large\"><img loading=\"lazy\" decoding=\"async\" width=\"600\" height=\"775\" src=\"https:\/\/medienvielfalt.net\/wp-content\/uploads\/2020\/10\/nmv_karte_web.jpg\" alt=\"\" class=\"wp-image-171\" srcset=\"https:\/\/medienvielfalt.net\/wp-content\/uploads\/2020\/10\/nmv_karte_web.jpg 600w, https:\/\/medienvielfalt.net\/wp-content\/uploads\/2020\/10\/nmv_karte_web-232x300.jpg 232w\" sizes=\"auto, (max-width: 600px) 100vw, 600px\" \/><\/figure>\n<\/div>\n\n\n\n<div class=\"wp-block-themeisle-blocks-advanced-column\" id=\"wp-block-themeisle-blocks-advanced-column-4d3765cc\">\n<h3 class=\"wp-block-heading\">Unsere Regionen und Redaktionen.<\/h3>\n\n\n\n<p>Zur Zeit sind 12 <strong><a href=\"https:\/\/medienvielfalt.net\/index.php\/redaktionen\/\">Radioredaktionen und Medienprojekte<\/a><\/strong> im Netzwerk aktiv, aber wir wollen gr\u00f6\u00dfer und bunter werden und daf\u00fcr brauchen wir auch eure Stimmen: Wenn du mit deinem Medienprojekt Teil des Netzwerkes werden willst oder Fragen zum Netzwerk hast, dann melde dich bei uns:<\/p>\n\n\n\n<hr class=\"wp-block-separator\"\/>\n\n\n\n<p><strong>REGION NORDWEST<\/strong> Bianca Arnold Die Kopiloten e.V., Kassel<br>+49 176 43633634;&nbsp;<a href=\"mailto:nordwest@medienvielfalt.net\">nordwest@medienvielfalt.net<\/a><\/p>\n\n\n\n<p><strong>REGION NORDOST<\/strong> Luise Marbach Radio Corax, Halle<br>+49 345 69154226;&nbsp;<a href=\"mailto:nordost@medienvielfalt.net\">nordost@medienvielfalt.net<\/a><\/p>\n\n\n\n<p><strong>REGION S\u00dcDOST<\/strong> Melissa Schulz Radio Z, N\u00fcrnberg<br>+49 911 450060;&nbsp;<a href=\"mailto:suedost@medienvielfalt.net\">suedost@medienvielfalt.net<\/a><\/p>\n\n\n\n<p><strong>REGION S\u00dcDWEST<\/strong> Alex Moepedi Radio Dreyeckland, Freiburg<br>+49 176 72976252;&nbsp;<a href=\"mailto:suedwest@medienvielfalt.net\">suedwest@medienvielfalt.net<\/a><\/p>\n\n\n\n<hr class=\"wp-block-separator\"\/>\n<\/div>\n<\/div><\/div>\n\n\n\n<p><\/p>\n","protected":false},"excerpt":{"rendered":"","protected":false},"author":1,"featured_media":0,"parent":0,"menu_order":0,"comment_status":"closed","ping_status":"closed","template":"","meta":{"_cbd_carousel_blocks":"[]","neve_meta_sidebar":"full-width","neve_meta_container":"","neve_meta_enable_content_width":"on","neve_meta_content_width":100,"neve_meta_title_alignment":"","neve_meta_author_avatar":"","neve_post_elements_order":"","neve_meta_disable_header":"","neve_meta_disable_footer":"","neve_meta_disable_title":"","_themeisle_gutenberg_block_has_review":false,"footnotes":""},"class_list":["post-130","page","type-page","status-publish","hentry"],"_links":{"self":[{"href":"https:\/\/medienvielfalt.net\/index.php\/wp-json\/wp\/v2\/pages\/130","targetHints":{"allow":["GET"]}}],"collection":[{"href":"https:\/\/medienvielfalt.net\/index.php\/wp-json\/wp\/v2\/pages"}],"about":[{"href":"https:\/\/medienvielfalt.net\/index.php\/wp-json\/wp\/v2\/types\/page"}],"author":[{"embeddable":true,"href":"https:\/\/medienvielfalt.net\/index.php\/wp-json\/wp\/v2\/users\/1"}],"replies":[{"embeddable":true,"href":"https:\/\/medienvielfalt.net\/index.php\/wp-json\/wp\/v2\/comments?post=130"}],"version-history":[{"count":12,"href":"https:\/\/medienvielfalt.net\/index.php\/wp-json\/wp\/v2\/pages\/130\/revisions"}],"predecessor-version":[{"id":545,"href":"https:\/\/medienvielfalt.net\/index.php\/wp-json\/wp\/v2\/pages\/130\/revisions\/545"}],"wp:attachment":[{"href":"https:\/\/medienvielfalt.net\/index.php\/wp-json\/wp\/v2\/media?parent=130"}],"curies":[{"name":"wp","href":"https:\/\/api.w.org\/{rel}","templated":true}]}}

ÜBER UNS

<div class="wp-block-themeisle-blocks-advanced-columns has-2-columns has-desktop-oneTwo-layout has-tablet-equal-layout has-mobile-collapsedRows-layout has-default-gap has-vertical-unset" id="wp-block-themeisle-blocks-advanced-columns-83a62e27"><div class="wp-block-themeisle-blocks-advanced-columns-overlay"></div><div class="innerblocks-wrap">
<div class="wp-block-themeisle-blocks-advanced-column" id="wp-block-themeisle-blocks-advanced-column-3c5057a1">
<h2 class="has-neve-button-color-color has-text-color wp-block-heading">Wer wir <br>sind</h2>
</div>



<div class="wp-block-themeisle-blocks-advanced-column" id="wp-block-themeisle-blocks-advanced-column-35f14fd4">
<p></p>



<p>Wir sind Medienmacher*innen mit Flucht- oder Migrationserfahrung. Wir erleben Rassismus und Diskriminierung. Über uns wird viel gesprochen, aber fast nie mit uns.</p>
</div>
</div></div>



<div class="wp-block-themeisle-blocks-advanced-columns has-2-columns has-desktop-oneTwo-layout has-tablet-equal-layout has-mobile-collapsedRows-layout has-default-gap has-vertical-unset" id="wp-block-themeisle-blocks-advanced-columns-b9ad5c99"><div class="wp-block-themeisle-blocks-advanced-columns-overlay"></div><div class="innerblocks-wrap">
<div class="wp-block-themeisle-blocks-advanced-column" id="wp-block-themeisle-blocks-advanced-column-aee8eb5c">
<h2 class="has-white-color has-text-color wp-block-heading">Unsere Mission</h2>
</div>



<div class="wp-block-themeisle-blocks-advanced-column" id="wp-block-themeisle-blocks-advanced-column-ffd27271">
<p></p>



<p>Wir verbinden Menschen und Medienprojekte. Wir erheben unsere Stimmen und mischen uns ein. Wir stärken uns gegenseitig durch Weiterbildung und Austausch. Wir schaffen ein vielfältiges Netzwerk für Alle.</p>
</div>
</div></div>



<div class="wp-block-themeisle-blocks-advanced-columns has-2-columns has-desktop-oneTwo-layout has-tablet-equal-layout has-mobile-collapsedRows-layout has-default-gap has-vertical-unset" id="wp-block-themeisle-blocks-advanced-columns-041375a5"><div class="wp-block-themeisle-blocks-advanced-columns-overlay"></div><div class="innerblocks-wrap">
<div class="wp-block-themeisle-blocks-advanced-column" id="wp-block-themeisle-blocks-advanced-column-afd26256">
<h2 class="has-neve-button-color-color has-text-color wp-block-heading">Unsere <br>Vision</h2>
</div>



<div class="wp-block-themeisle-blocks-advanced-column" id="wp-block-themeisle-blocks-advanced-column-f867ee02">
<p></p>



<p>Wir wollen uns durch die Kraft der Medien hörbar und verständlich machen und auch andere dazu ermutigen. Wir sehen unsere Verantwortung darin, etwas dazu beizutragen, die Medienlandschaft nachhaltig zu verändern und zu erweitern. Unser Ziel ist eine offene, vielfältige und zukunftsfähige Gesellschaft.</p>
</div>
</div></div>



<div class="wp-block-themeisle-blocks-advanced-columns has-2-columns has-desktop-oneTwo-layout has-tablet-equal-layout has-mobile-collapsedRows-layout has-default-gap has-vertical-unset" id="wp-block-themeisle-blocks-advanced-columns-e6efbb5d"><div class="wp-block-themeisle-blocks-advanced-columns-overlay"></div><div class="innerblocks-wrap">
<div class="wp-block-themeisle-blocks-advanced-column" id="wp-block-themeisle-blocks-advanced-column-28216551">
<h2 class="has-white-color has-text-color wp-block-heading">Unser Leitbild</h2>
</div>



<div class="wp-block-themeisle-blocks-advanced-column" id="wp-block-themeisle-blocks-advanced-column-d110c3aa">
<p class="has-text-align-left">Das netzwerk medien.vielfalt! ist ein neues transkulturelles Netzwerk von Medienmacher*innen.</p>



<p class="has-text-align-left">Wir verbinden unterschiedliche Medienprojekte von Geflüchteten und Migrant*innen in ganz Deutschland. Unsere Inhalte verstärken die Stimmen von Menschen, die Diskriminierung erfahren und mit den Nachteilen leben müssen, die es mit sich bringt, nicht als Teil der “deutschen Gesellschaft“ gesehen zu werden.</p>



<p class="has-text-align-left">Die Medien berichten in den letzten Jahren vermehrt über Menschen mit Migrationshintergrund oder Fluchtgeschichte, aber gefragt werden wir nicht.&nbsp;<br>Jetzt berichten wir selbst! Durch unsere Stimmen wollen wir eine neue Perspektive in die deutsche Medienlandschaft einbringen. Wir berichten, was uns bewegt – und wir wollen die Debatte über Flucht und Migration mitgestalten. Jedoch beschränken wir uns nicht auf “migrantische Themen” oder unsere Communities: Wir machen Medien für Alle!</p>



<p class="has-text-align-left">Ab 2015 entstanden in Deutschland – vor allem bei Freien Radios – eine Anzahl von Redaktionen von und für Menschen mit Fluchterfahrung. Dabei war es uns von Anfang an wichtig, uns überregional auszutauschen und von unseren Erfahrungen gegenseitig zu profitieren. Aus unseren Begegnungen entstand die Webseite “Colourful Voices”, die unsere Inhalte bündelt und bis heute unser Sprachrohr bleibt. Weil es uns für eine nachhaltige Zusammenarbeit an organisatorischer Unterstützung fehlte, gründeten wir im&nbsp; Januar 2020 das netzwerk medien.vielfalt!. Nun sind wir in der Lage, nicht nur unsere gemeinsame Arbeit zu stärken, sondern auch andere dabei zu unterstützen, eigene Medienprojekte auf die Beine zu stellen oder voranzubringen.</p>



<p class="has-text-align-left">Als Netzwerk haben wir technische, finanzielle und organisatorische Mittel, um uns zu begegnen, auszutauschen und uns in verschiedenen journalistischen Bereichen weiterzubilden. Dadurch schaffen wir uns Räume, in denen wir uns frei ausdrücken können – auch in unseren Sprachen. Diese Räume gestalten wir selbst. Sie sind vielfältig und offen für neue Menschen, Formate und Ideen.</p>
</div>
</div></div>



<div class="wp-block-themeisle-blocks-advanced-columns has-2-columns has-desktop-oneTwo-layout has-tablet-equal-layout has-mobile-collapsedRows-layout has-default-gap has-vertical-unset" id="wp-block-themeisle-blocks-advanced-columns-e549bd77"><div class="wp-block-themeisle-blocks-advanced-columns-overlay"></div><div class="innerblocks-wrap">
<div class="wp-block-themeisle-blocks-advanced-column" id="wp-block-themeisle-blocks-advanced-column-4ce86274">
<figure class="wp-block-image size-large"><img loading="lazy" decoding="async" width="600" height="775" src="https://medienvielfalt.net/wp-content/uploads/2020/10/nmv_karte_web.jpg" alt="" class="wp-image-171" srcset="https://medienvielfalt.net/wp-content/uploads/2020/10/nmv_karte_web.jpg 600w, https://medienvielfalt.net/wp-content/uploads/2020/10/nmv_karte_web-232x300.jpg 232w" sizes="auto, (max-width: 600px) 100vw, 600px" /></figure>
</div>



<div class="wp-block-themeisle-blocks-advanced-column" id="wp-block-themeisle-blocks-advanced-column-4d3765cc">
<h3 class="wp-block-heading">Unsere Regionen und Redaktionen.</h3>



<p>Zur Zeit sind 12 <strong><a href="https://medienvielfalt.net/index.php/redaktionen/">Radioredaktionen und Medienprojekte</a></strong> im Netzwerk aktiv, aber wir wollen größer und bunter werden und dafür brauchen wir auch eure Stimmen: Wenn du mit deinem Medienprojekt Teil des Netzwerkes werden willst oder Fragen zum Netzwerk hast, dann melde dich bei uns:</p>



<hr class="wp-block-separator"/>



<p><strong>REGION NORDWEST</strong> Bianca Arnold Die Kopiloten e.V., Kassel<br>+49 176 43633634;&nbsp;<a href="mailto:nordwest@medienvielfalt.net">nordwest@medienvielfalt.net</a></p>



<p><strong>REGION NORDOST</strong> Luise Marbach Radio Corax, Halle<br>+49 345 69154226;&nbsp;<a href="mailto:nordost@medienvielfalt.net">nordost@medienvielfalt.net</a></p>



<p><strong>REGION SÜDOST</strong> Melissa Schulz Radio Z, Nürnberg<br>+49 911 450060;&nbsp;<a href="mailto:suedost@medienvielfalt.net">suedost@medienvielfalt.net</a></p>



<p><strong>REGION SÜDWEST</strong> Alex Moepedi Radio Dreyeckland, Freiburg<br>+49 176 72976252;&nbsp;<a href="mailto:suedwest@medienvielfalt.net">suedwest@medienvielfalt.net</a></p>



<hr class="wp-block-separator"/>
</div>
</div></div>



<p></p>
