{"id":1451,"date":"2022-06-28T20:06:55","date_gmt":"2022-06-28T18:06:55","guid":{"rendered":"https:\/\/medienvielfalt.net\/?page_id=1451"},"modified":"2022-06-29T16:18:39","modified_gmt":"2022-06-29T14:18:39","slug":"ergebnisse-der-wissenschaftlichen-begleitung-auf-einen-blick","status":"publish","type":"page","link":"https:\/\/medienvielfalt.net\/index.php\/ergebnisse-der-wissenschaftlichen-begleitung-auf-einen-blick\/","title":{"rendered":"Ergebnisse der Wissenschaftlichen Begleitung auf einen Blick"},"content":{"rendered":"\n<div class=\"wp-block-themeisle-blocks-advanced-columns has-1-columns has-desktop-equal-layout has-tablet-equal-layout has-mobile-equal-layout has-default-gap has-vertical-unset\" id=\"wp-block-themeisle-blocks-advanced-columns-be602467\"><div class=\"wp-block-themeisle-blocks-advanced-columns-overlay\"><\/div><div class=\"innerblocks-wrap\">\n<div class=\"wp-block-themeisle-blocks-advanced-column\" id=\"wp-block-themeisle-blocks-advanced-column-124be8bd\">\n<blockquote class=\"wp-block-quote is-style-large is-layout-flow wp-block-quote-is-layout-flow\"><p>Verr\u00fcckt, was wir so alles auf die Beine gestellt haben&#8230;<\/p><cite>Anonyme*r Interviewpartner*in<\/cite><\/blockquote>\n\n\n\n<p>Die wissenschaftliche Begleitung (<a href=\"https:\/\/www.tifs.de\/\" data-type=\"URL\" data-id=\"https:\/\/www.tifs.de\/\" target=\"_blank\" rel=\"noreferrer noopener\">Forschungsinstitut tifs e.V.<\/a>) hat im netzwerk medien.vielfalt!, in dem Gefl\u00fcchtetenredaktionen aus Freien Radios und weiteren organisatorischen Konstruktionen in Deutschland zusammen arbeiten, Interviews, Gruppendiskussionen und teilnehmende Beobachtungen durchgef\u00fchrt und fortlaufend Erkenntnisse in das Netzwerk zur\u00fcckgespiegelt. Empfehlungen sind zu einem gro\u00dfen Teil bereits in den Folgeantrag und in einen umfangreichen Restrukturierungsprozess f\u00fcr das Jahr 2022 eingeflossen.<br>Angesichts der Zielsetzung des Aufbaus eines nachhaltigen Netzwerks standen dabei vor allem die Strukturen des Netzwerks (\u00fcberregionale Koordination, Koordinationsrunde, Regionalkoordinationen und Koordinationsstellen in den lokalen Gefl\u00fcchtetenredaktionen), die Kommunikation und das Empowerment der Einzelnen im Projekt unter Gender- und Diversit\u00e4tsaspekten im Fokus.<\/p>\n\n\n\n<p><strong>Hier finden sich die Empfehlungen als PDF auf Deutsch, Englisch und Franz\u00f6sisch:<\/strong><\/p>\n\n\n\n<div class=\"wp-block-columns is-layout-flex wp-container-core-columns-is-layout-9d6595d7 wp-block-columns-is-layout-flex\">\n<div class=\"wp-block-column is-layout-flow wp-block-column-is-layout-flow\">\n<div data-wp-interactive=\"core\/file\" class=\"wp-block-file\"><object data-wp-bind--hidden=\"!state.hasPdfPreview\" hidden class=\"wp-block-file__embed\" data=\"https:\/\/medienvielfalt.net\/wp-content\/uploads\/2022\/06\/Empfehlungen_tifs_netzwerk.medienvielfalt_dt-1.pdf\" type=\"application\/pdf\" style=\"width:100%;height:600px\" aria-label=\"Einbettung von Einbettung von Empfehlungen_tifs_nmv (DE)..\"><\/object><a id=\"wp-block-file--media-ceb833f2-a708-473f-9839-658bd819bffa\" href=\"https:\/\/medienvielfalt.net\/wp-content\/uploads\/2022\/06\/Empfehlungen_tifs_netzwerk.medienvielfalt_dt-1.pdf\">Empfehlungen_tifs_nmv (DE)<\/a><a href=\"https:\/\/medienvielfalt.net\/wp-content\/uploads\/2022\/06\/Empfehlungen_tifs_netzwerk.medienvielfalt_dt-1.pdf\" class=\"wp-block-file__button\" download aria-describedby=\"wp-block-file--media-ceb833f2-a708-473f-9839-658bd819bffa\">Herunterladen<\/a><\/div>\n<\/div>\n\n\n\n<div class=\"wp-block-column is-layout-flow wp-block-column-is-layout-flow\">\n<div data-wp-interactive=\"core\/file\" class=\"wp-block-file\"><object data-wp-bind--hidden=\"!state.hasPdfPreview\" hidden class=\"wp-block-file__embed\" data=\"https:\/\/medienvielfalt.net\/wp-content\/uploads\/2022\/06\/recommendations_tifs_medien.vielfalt_en.pdf\" type=\"application\/pdf\" style=\"width:100%;height:600px\" aria-label=\"Einbettung von Einbettung von recommendations_tifs_nmv (ENG)..\"><\/object><a id=\"wp-block-file--media-86282e80-3b02-4a23-8dbe-944775fb6c1b\" href=\"https:\/\/medienvielfalt.net\/wp-content\/uploads\/2022\/06\/recommendations_tifs_medien.vielfalt_en.pdf\">recommendations_tifs_nmv (ENG)<\/a><a href=\"https:\/\/medienvielfalt.net\/wp-content\/uploads\/2022\/06\/recommendations_tifs_medien.vielfalt_en.pdf\" class=\"wp-block-file__button\" download aria-describedby=\"wp-block-file--media-86282e80-3b02-4a23-8dbe-944775fb6c1b\">Herunterladen<\/a><\/div>\n<\/div>\n\n\n\n<div class=\"wp-block-column is-layout-flow wp-block-column-is-layout-flow\">\n<div data-wp-interactive=\"core\/file\" class=\"wp-block-file\"><object data-wp-bind--hidden=\"!state.hasPdfPreview\" hidden class=\"wp-block-file__embed\" data=\"https:\/\/medienvielfalt.net\/wp-content\/uploads\/2022\/06\/impulsions_tifs_medien.vielfalt_fr.pdf\" type=\"application\/pdf\" style=\"width:100%;height:600px\" aria-label=\"Einbettung von Einbettung von impulsions_tifs_nmv (FR)..\"><\/object><a id=\"wp-block-file--media-f2d35d02-7d21-471b-a32b-870200db5593\" href=\"https:\/\/medienvielfalt.net\/wp-content\/uploads\/2022\/06\/impulsions_tifs_medien.vielfalt_fr.pdf\">impulsions_tifs_nmv (FR)<\/a><a href=\"https:\/\/medienvielfalt.net\/wp-content\/uploads\/2022\/06\/impulsions_tifs_medien.vielfalt_fr.pdf\" class=\"wp-block-file__button\" download aria-describedby=\"wp-block-file--media-f2d35d02-7d21-471b-a32b-870200db5593\">Herunterladen<\/a><\/div>\n<\/div>\n<\/div>\n<\/div>\n<\/div><\/div>\n\n\n\n<p><\/p>\n","protected":false},"excerpt":{"rendered":"","protected":false},"author":1,"featured_media":0,"parent":0,"menu_order":0,"comment_status":"closed","ping_status":"closed","template":"","meta":{"_cbd_carousel_blocks":"[]","neve_meta_sidebar":"full-width","neve_meta_container":"","neve_meta_enable_content_width":"on","neve_meta_content_width":100,"neve_meta_title_alignment":"","neve_meta_author_avatar":"","neve_post_elements_order":"","neve_meta_disable_header":"","neve_meta_disable_footer":"","neve_meta_disable_title":"","_themeisle_gutenberg_block_has_review":false,"footnotes":""},"class_list":["post-1451","page","type-page","status-publish","hentry"],"_links":{"self":[{"href":"https:\/\/medienvielfalt.net\/index.php\/wp-json\/wp\/v2\/pages\/1451","targetHints":{"allow":["GET"]}}],"collection":[{"href":"https:\/\/medienvielfalt.net\/index.php\/wp-json\/wp\/v2\/pages"}],"about":[{"href":"https:\/\/medienvielfalt.net\/index.php\/wp-json\/wp\/v2\/types\/page"}],"author":[{"embeddable":true,"href":"https:\/\/medienvielfalt.net\/index.php\/wp-json\/wp\/v2\/users\/1"}],"replies":[{"embeddable":true,"href":"https:\/\/medienvielfalt.net\/index.php\/wp-json\/wp\/v2\/comments?post=1451"}],"version-history":[{"count":9,"href":"https:\/\/medienvielfalt.net\/index.php\/wp-json\/wp\/v2\/pages\/1451\/revisions"}],"predecessor-version":[{"id":1470,"href":"https:\/\/medienvielfalt.net\/index.php\/wp-json\/wp\/v2\/pages\/1451\/revisions\/1470"}],"wp:attachment":[{"href":"https:\/\/medienvielfalt.net\/index.php\/wp-json\/wp\/v2\/media?parent=1451"}],"curies":[{"name":"wp","href":"https:\/\/api.w.org\/{rel}","templated":true}]}}

<div class="wp-block-themeisle-blocks-advanced-columns has-1-columns has-desktop-equal-layout has-tablet-equal-layout has-mobile-equal-layout has-default-gap has-vertical-unset" id="wp-block-themeisle-blocks-advanced-columns-be602467"><div class="wp-block-themeisle-blocks-advanced-columns-overlay"></div><div class="innerblocks-wrap">
<div class="wp-block-themeisle-blocks-advanced-column" id="wp-block-themeisle-blocks-advanced-column-124be8bd">
<blockquote class="wp-block-quote is-style-large is-layout-flow wp-block-quote-is-layout-flow"><p>Verrückt, was wir so alles auf die Beine gestellt haben&#8230;</p><cite>Anonyme*r Interviewpartner*in</cite></blockquote>



<p>Die wissenschaftliche Begleitung (<a href="https://www.tifs.de/" data-type="URL" data-id="https://www.tifs.de/" target="_blank" rel="noreferrer noopener">Forschungsinstitut tifs e.V.</a>) hat im netzwerk medien.vielfalt!, in dem Geflüchtetenredaktionen aus Freien Radios und weiteren organisatorischen Konstruktionen in Deutschland zusammen arbeiten, Interviews, Gruppendiskussionen und teilnehmende Beobachtungen durchgeführt und fortlaufend Erkenntnisse in das Netzwerk zurückgespiegelt. Empfehlungen sind zu einem großen Teil bereits in den Folgeantrag und in einen umfangreichen Restrukturierungsprozess für das Jahr 2022 eingeflossen.<br>Angesichts der Zielsetzung des Aufbaus eines nachhaltigen Netzwerks standen dabei vor allem die Strukturen des Netzwerks (überregionale Koordination, Koordinationsrunde, Regionalkoordinationen und Koordinationsstellen in den lokalen Geflüchtetenredaktionen), die Kommunikation und das Empowerment der Einzelnen im Projekt unter Gender- und Diversitätsaspekten im Fokus.</p>



<p><strong>Hier finden sich die Empfehlungen als PDF auf Deutsch, Englisch und Französisch:</strong></p>



<div class="wp-block-columns is-layout-flex wp-container-core-columns-is-layout-9d6595d7 wp-block-columns-is-layout-flex">
<div class="wp-block-column is-layout-flow wp-block-column-is-layout-flow">
<div data-wp-interactive="core/file" class="wp-block-file"><object data-wp-bind--hidden="!state.hasPdfPreview" hidden class="wp-block-file__embed" data="https://medienvielfalt.net/wp-content/uploads/2022/06/Empfehlungen_tifs_netzwerk.medienvielfalt_dt-1.pdf" type="application/pdf" style="width:100%;height:600px" aria-label="Einbettung von Einbettung von Empfehlungen_tifs_nmv (DE).."></object><a id="wp-block-file--media-ceb833f2-a708-473f-9839-658bd819bffa" href="https://medienvielfalt.net/wp-content/uploads/2022/06/Empfehlungen_tifs_netzwerk.medienvielfalt_dt-1.pdf">Empfehlungen_tifs_nmv (DE)</a><a href="https://medienvielfalt.net/wp-content/uploads/2022/06/Empfehlungen_tifs_netzwerk.medienvielfalt_dt-1.pdf" class="wp-block-file__button" download aria-describedby="wp-block-file--media-ceb833f2-a708-473f-9839-658bd819bffa">Herunterladen</a></div>
</div>



<div class="wp-block-column is-layout-flow wp-block-column-is-layout-flow">
<div data-wp-interactive="core/file" class="wp-block-file"><object data-wp-bind--hidden="!state.hasPdfPreview" hidden class="wp-block-file__embed" data="https://medienvielfalt.net/wp-content/uploads/2022/06/recommendations_tifs_medien.vielfalt_en.pdf" type="application/pdf" style="width:100%;height:600px" aria-label="Einbettung von Einbettung von recommendations_tifs_nmv (ENG).."></object><a id="wp-block-file--media-86282e80-3b02-4a23-8dbe-944775fb6c1b" href="https://medienvielfalt.net/wp-content/uploads/2022/06/recommendations_tifs_medien.vielfalt_en.pdf">recommendations_tifs_nmv (ENG)</a><a href="https://medienvielfalt.net/wp-content/uploads/2022/06/recommendations_tifs_medien.vielfalt_en.pdf" class="wp-block-file__button" download aria-describedby="wp-block-file--media-86282e80-3b02-4a23-8dbe-944775fb6c1b">Herunterladen</a></div>
</div>



<div class="wp-block-column is-layout-flow wp-block-column-is-layout-flow">
<div data-wp-interactive="core/file" class="wp-block-file"><object data-wp-bind--hidden="!state.hasPdfPreview" hidden class="wp-block-file__embed" data="https://medienvielfalt.net/wp-content/uploads/2022/06/impulsions_tifs_medien.vielfalt_fr.pdf" type="application/pdf" style="width:100%;height:600px" aria-label="Einbettung von Einbettung von impulsions_tifs_nmv (FR).."></object><a id="wp-block-file--media-f2d35d02-7d21-471b-a32b-870200db5593" href="https://medienvielfalt.net/wp-content/uploads/2022/06/impulsions_tifs_medien.vielfalt_fr.pdf">impulsions_tifs_nmv (FR)</a><a href="https://medienvielfalt.net/wp-content/uploads/2022/06/impulsions_tifs_medien.vielfalt_fr.pdf" class="wp-block-file__button" download aria-describedby="wp-block-file--media-f2d35d02-7d21-471b-a32b-870200db5593">Herunterladen</a></div>
</div>
</div>
</div>
</div></div>



<p></p>
