{"id":246,"date":"2020-10-17T14:38:15","date_gmt":"2020-10-17T12:38:15","guid":{"rendered":"https:\/\/medienvielfalt.net\/?page_id=246"},"modified":"2020-11-06T11:44:04","modified_gmt":"2020-11-06T10:44:04","slug":"foerderung","status":"publish","type":"page","link":"https:\/\/medienvielfalt.net\/index.php\/foerderung\/","title":{"rendered":"F\u00d6RDERUNG"},"content":{"rendered":"\n<div class=\"wp-block-columns is-layout-flex wp-container-core-columns-is-layout-9d6595d7 wp-block-columns-is-layout-flex\">\n<div class=\"wp-block-column is-layout-flow wp-block-column-is-layout-flow\">\n<p>Das Projekt &#8222;netzwerk medien.vielfalt!&#8220; wird gef\u00f6rdert von der <a rel=\"noreferrer noopener\" href=\"https:\/\/www.integrationsbeauftragte.de\/ib-de\" data-type=\"URL\" data-id=\"https:\/\/www.integrationsbeauftragte.de\/ib-de\" target=\"_blank\">Beauftragten der Bundesregierung f\u00fcr Migration, Fl\u00fcchtlinge und Integration<\/a>.<br>Deren Stabstelle sitzt am Berliner Bundeskanzler*innenamt und unterst\u00fctzt dieses Austauschprojekt. <\/p>\n<\/div>\n\n\n\n<div class=\"wp-block-column is-layout-flow wp-block-column-is-layout-flow\">\n<div class=\"wp-block-image\"><figure class=\"alignright size-large\"><a href=\"https:\/\/www.integrationsbeauftragte.de\/ib-de\" target=\"_blank\" rel=\"noopener noreferrer\"><img loading=\"lazy\" decoding=\"async\" width=\"300\" height=\"139\" src=\"https:\/\/medienvielfalt.net\/wp-content\/uploads\/2020\/11\/bmif.png\" alt=\"\" class=\"wp-image-598\"\/><\/a><\/figure><\/div>\n<\/div>\n<\/div>\n\n\n\n<p><\/p>\n","protected":false},"excerpt":{"rendered":"<p>Das Projekt &#8222;netzwerk medien.vielfalt!&#8220; wird gef\u00f6rdert von der Beauftragten der Bundesregierung f\u00fcr Migration, Fl\u00fcchtlinge und Integration.Deren Stabstelle sitzt am Berliner Bundeskanzler*innenamt und unterst\u00fctzt dieses Austauschprojekt.<\/p>\n","protected":false},"author":1,"featured_media":0,"parent":0,"menu_order":0,"comment_status":"closed","ping_status":"closed","template":"","meta":{"_cbd_carousel_blocks":"[]","neve_meta_sidebar":"full-width","neve_meta_container":"","neve_meta_enable_content_width":"on","neve_meta_content_width":100,"neve_meta_title_alignment":"","neve_meta_author_avatar":"","neve_post_elements_order":"","neve_meta_disable_header":"","neve_meta_disable_footer":"","neve_meta_disable_title":"","_themeisle_gutenberg_block_has_review":false,"footnotes":""},"class_list":["post-246","page","type-page","status-publish","hentry"],"_links":{"self":[{"href":"https:\/\/medienvielfalt.net\/index.php\/wp-json\/wp\/v2\/pages\/246","targetHints":{"allow":["GET"]}}],"collection":[{"href":"https:\/\/medienvielfalt.net\/index.php\/wp-json\/wp\/v2\/pages"}],"about":[{"href":"https:\/\/medienvielfalt.net\/index.php\/wp-json\/wp\/v2\/types\/page"}],"author":[{"embeddable":true,"href":"https:\/\/medienvielfalt.net\/index.php\/wp-json\/wp\/v2\/users\/1"}],"replies":[{"embeddable":true,"href":"https:\/\/medienvielfalt.net\/index.php\/wp-json\/wp\/v2\/comments?post=246"}],"version-history":[{"count":7,"href":"https:\/\/medienvielfalt.net\/index.php\/wp-json\/wp\/v2\/pages\/246\/revisions"}],"predecessor-version":[{"id":600,"href":"https:\/\/medienvielfalt.net\/index.php\/wp-json\/wp\/v2\/pages\/246\/revisions\/600"}],"wp:attachment":[{"href":"https:\/\/medienvielfalt.net\/index.php\/wp-json\/wp\/v2\/media?parent=246"}],"curies":[{"name":"wp","href":"https:\/\/api.w.org\/{rel}","templated":true}]}}

FÖRDERUNG

<div class="wp-block-columns is-layout-flex wp-container-core-columns-is-layout-9d6595d7 wp-block-columns-is-layout-flex">
<div class="wp-block-column is-layout-flow wp-block-column-is-layout-flow">
<p>Das Projekt &#8222;netzwerk medien.vielfalt!&#8220; wird gefördert von der <a rel="noreferrer noopener" href="https://www.integrationsbeauftragte.de/ib-de" data-type="URL" data-id="https://www.integrationsbeauftragte.de/ib-de" target="_blank">Beauftragten der Bundesregierung für Migration, Flüchtlinge und Integration</a>.<br>Deren Stabstelle sitzt am Berliner Bundeskanzler*innenamt und unterstützt dieses Austauschprojekt. </p>
</div>



<div class="wp-block-column is-layout-flow wp-block-column-is-layout-flow">
<div class="wp-block-image"><figure class="alignright size-large"><a href="https://www.integrationsbeauftragte.de/ib-de" target="_blank" rel="noopener noreferrer"><img loading="lazy" decoding="async" width="300" height="139" src="https://medienvielfalt.net/wp-content/uploads/2020/11/bmif.png" alt="" class="wp-image-598"/></a></figure></div>
</div>
</div>



<p></p>

<p>Das Projekt &#8222;netzwerk medien.vielfalt!&#8220; wird gefördert von der Beauftragten der Bundesregierung für Migration, Flüchtlinge und Integration.Deren Stabstelle sitzt am Berliner Bundeskanzler*innenamt und unterstützt dieses Austauschprojekt.</p>
