{"id":5,"date":"2020-01-13T11:17:52","date_gmt":"2020-01-13T11:17:52","guid":{"rendered":"https:\/\/demosites.io\/web-agency-gb\/?page_id=5"},"modified":"2022-07-07T15:51:47","modified_gmt":"2022-07-07T13:51:47","slug":"15c42-web-agency-gb-home","status":"publish","type":"page","link":"https:\/\/medienvielfalt.net\/","title":{"rendered":"Home"},"content":{"rendered":"\n<div class=\"wp-block-themeisle-blocks-advanced-columns alignfull has-1-columns has-desktop-equal-layout has-tablet-equal-layout has-mobile-equal-layout has-wide-gap has-vertical-center\" id=\"wp-block-themeisle-blocks-advanced-columns-7756265d\"><div class=\"wp-block-themeisle-blocks-advanced-columns-overlay\"><\/div><div class=\"innerblocks-wrap\">\n<div class=\"wp-block-themeisle-blocks-advanced-column ticss-772a8d7e\" id=\"wp-block-themeisle-blocks-advanced-column-ce088edf\">\n<h2 class=\"has-text-align-center blasen has-text-color wp-block-heading\" style=\"color:#2b2b2b\">Das <span class=\"pfeil-lila-rechts\"><span class=\"bg-lila\">transkulturelle<\/span><\/span><br><span class=\"pfeil-rot-links\"><span class=\"bg-rot\">Netzwerk<\/span><\/span> von <br><span class=\"pfeil-blau-rechts\"><span class=\"bg-blau\">Medienmacher*innen<\/span><\/span><\/h2>\n\n\n\n<p class=\"has-text-align-center has-neve-text-color-color has-text-color\" style=\"font-size:29px\"><strong>taking action &#8211; making media.<\/strong><\/p>\n\n\n\n<div id=\"wp-block-themeisle-blocks-button-group-13976ce4\" class=\"wp-block-themeisle-blocks-button-group collapse-mobile wp-block-buttons align-center\">\n<div id=\"wp-block-themeisle-blocks-button-feea373a\" class=\"wp-block-themeisle-blocks-button wp-block-button animated bounceInLeft\"><a href=\"https:\/\/medienvielfalt.net\/index.php\/ueber-uns\/\" target=\"_self\" rel=\"noopener noreferrer\" class=\"wp-block-button__link\"><span>mehr erfahren<\/span><\/a><\/div>\n\n\n\n<div id=\"wp-block-themeisle-blocks-button-3d185b20\" class=\"wp-block-themeisle-blocks-button wp-block-button animated bounceInRight\"><a href=\"https:\/\/colourfulvoices.net\" target=\"_blank\" rel=\"noopener noreferrer\" class=\"wp-block-button__link\"><span>jetzt zuh\u00f6ren<\/span><\/a><\/div>\n<\/div>\n<\/div>\n<\/div><\/div>\n\n\n\n<div class=\"wp-block-themeisle-blocks-advanced-columns alignfull has-3-columns has-desktop-equal-layout has-tablet-equal-layout has-mobile-collapsedRows-layout has-wide-gap has-vertical-center\" id=\"wp-block-themeisle-blocks-advanced-columns-d68eee3c\"><div class=\"wp-block-themeisle-blocks-advanced-columns-overlay\"><\/div><div class=\"innerblocks-wrap\">\n<div class=\"wp-block-themeisle-blocks-advanced-column\" id=\"wp-block-themeisle-blocks-advanced-column-80f0db44\">\n<div class=\"wp-block-themeisle-blocks-service\">\n<p class=\"wp-block-themeisle-blocks-font-awesome-icons icon-lila-links\" id=\"wp-block-themeisle-blocks-font-awesome-icons-1e001ce1\"><span class=\"wp-block-themeisle-blocks-font-awesome-icons-container\"><a href=\"https:\/\/colourfulvoices.net\/\" target=\"_blank\" rel=\"noopener noreferrer\"><i class=\"fas fa-broadcast-tower\"><\/i><\/a><\/span><\/p>\n\n\n\n<h3 id=\"wp-block-themeisle-blocks-advanced-heading-9ce62e7d\" class=\"wp-block-themeisle-blocks-advanced-heading wp-block-themeisle-blocks-advanced-heading-9ce62e7d\">senden.<\/h3>\n\n\n\n<p id=\"wp-block-themeisle-blocks-advanced-heading-4d9cde9e\" class=\"wp-block-themeisle-blocks-advanced-heading wp-block-themeisle-blocks-advanced-heading-4d9cde9e\">Alle unsere Audio-, Video- und Textbeitr\u00e4ge<br>finden sich auf <a href=\"https:\/\/colourfulvoices.net\" target=\"_blank\" rel=\"noreferrer noopener\">colourfulvoices.net<\/a>.<\/p>\n<\/div>\n<\/div>\n\n\n\n<div class=\"wp-block-themeisle-blocks-advanced-column\" id=\"wp-block-themeisle-blocks-advanced-column-75651b0e\">\n<p class=\"wp-block-themeisle-blocks-font-awesome-icons icon-blau\" id=\"wp-block-themeisle-blocks-font-awesome-icons-7b11599f\"><span class=\"wp-block-themeisle-blocks-font-awesome-icons-container\"><a href=\"https:\/\/medienvielfalt.net\/index.php\/redaktionen\/\" target=\"_self\" rel=\"noopener noreferrer\"><i class=\"fas fa-users\"><\/i><\/a><\/span><\/p>\n\n\n\n<h3 id=\"wp-block-themeisle-blocks-advanced-heading-e574c793\" class=\"wp-block-themeisle-blocks-advanced-heading wp-block-themeisle-blocks-advanced-heading-e574c793\">verbinden.<\/h3>\n\n\n\n<p id=\"wp-block-themeisle-blocks-advanced-heading-77ddd0de\" class=\"wp-block-themeisle-blocks-advanced-heading wp-block-themeisle-blocks-advanced-heading-77ddd0de\">Mehr \u00fcber das Netzwerk und die<a href=\"https:\/\/medienvielfalt.net\/index.php\/redaktionen\/\"> aktiven<br>Menschen und Gruppen gibt es hier<\/a>.<\/p>\n<\/div>\n\n\n\n<div class=\"wp-block-themeisle-blocks-advanced-column\" id=\"wp-block-themeisle-blocks-advanced-column-27094f67\">\n<p class=\"wp-block-themeisle-blocks-font-awesome-icons icon-rot-rechts\" id=\"wp-block-themeisle-blocks-font-awesome-icons-ee4b6d4b\"><span class=\"wp-block-themeisle-blocks-font-awesome-icons-container\"><a href=\"https:\/\/medienvielfalt.net\/index.php\/ausbildung\/\" target=\"_self\" rel=\"noopener noreferrer\"><i class=\"fas fa-chalkboard-teacher\"><\/i><\/a><\/span><\/p>\n\n\n\n<h3 id=\"wp-block-themeisle-blocks-advanced-heading-868c0873\" class=\"wp-block-themeisle-blocks-advanced-heading wp-block-themeisle-blocks-advanced-heading-868c0873\">ausbilden.<\/h3>\n\n\n\n<p id=\"wp-block-themeisle-blocks-advanced-heading-a1a200dc\" class=\"wp-block-themeisle-blocks-advanced-heading wp-block-themeisle-blocks-advanced-heading-a1a200dc\">Wir <a href=\"https:\/\/medienvielfalt.net\/index.php\/ausbildung\/\">bilden aus, bilden weiter<\/a> und machen<br>Menschen medienkompetent.<\/p>\n<\/div>\n<\/div><\/div>\n\n\n\n<div class=\"wp-block-themeisle-blocks-advanced-columns alignfull has-2-columns has-desktop-equal-layout has-tablet-equal-layout has-mobile-collapsedRows-layout has-nogap-gap has-vertical-center\" id=\"wp-block-themeisle-blocks-advanced-columns-ad20c616\"><div class=\"wp-block-themeisle-blocks-advanced-columns-overlay\"><\/div><div class=\"innerblocks-wrap\">\n<div class=\"wp-block-themeisle-blocks-advanced-column\" id=\"wp-block-themeisle-blocks-advanced-column-03d02eeb\">\n<figure class=\"wp-block-image size-large is-style-default\"><img loading=\"lazy\" decoding=\"async\" width=\"600\" height=\"600\" src=\"https:\/\/medienvielfalt.net\/wp-content\/uploads\/2020\/10\/nmv_web_mission.jpg\" alt=\"\" class=\"wp-image-168\" srcset=\"https:\/\/medienvielfalt.net\/wp-content\/uploads\/2020\/10\/nmv_web_mission.jpg 600w, https:\/\/medienvielfalt.net\/wp-content\/uploads\/2020\/10\/nmv_web_mission-300x300.jpg 300w, https:\/\/medienvielfalt.net\/wp-content\/uploads\/2020\/10\/nmv_web_mission-150x150.jpg 150w\" sizes=\"auto, (max-width: 600px) 100vw, 600px\" \/><\/figure>\n<\/div>\n\n\n\n<div class=\"wp-block-themeisle-blocks-advanced-column ticss-44eccd86\" id=\"wp-block-themeisle-blocks-advanced-column-cb2b8741\">\n<h2 class=\"wp-block-heading\">Unsere Mission, <br>unsere Vision.<\/h2>\n\n\n\n<p>Wir verbinden Menschen und Medienprojekte. Wir erheben unsere Stimmen und mischen uns ein. Wir st\u00e4rken uns gegenseitig durch Weiterbildung und Austausch. Wir schaffen ein vielf\u00e4ltiges Netzwerk f\u00fcr Alle.<\/p>\n\n\n\n<div class=\"wp-block-button is-style-fill\"><a class=\"wp-block-button__link has-white-color has-neve-button-color-background-color has-text-color has-background\" href=\"https:\/\/medienvielfalt.net\/index.php\/ueber-uns\/\">mehr erfahren<\/a><\/div>\n<\/div>\n<\/div><\/div>\n\n\n\n<div class=\"wp-block-themeisle-blocks-advanced-columns alignfull has-2-columns has-desktop-equal-layout has-tablet-equal-layout has-mobile-collapsedRows-layout has-nogap-gap has-vertical-center\" id=\"wp-block-themeisle-blocks-advanced-columns-5e6f3a8e\"><div class=\"wp-block-themeisle-blocks-advanced-columns-overlay\"><\/div><div class=\"innerblocks-wrap\">\n<div class=\"wp-block-themeisle-blocks-advanced-column\" id=\"wp-block-themeisle-blocks-advanced-column-4949e572\">\n<h2 class=\"wp-block-heading\">Unsere Redaktionen.<\/h2>\n\n\n\n<p>Zw\u00f6lf Radioredaktionen und Medienprojekte sind bisher aktiv im netzwerk medien.vielfalt! Wir wollen aber noch viel mehr werden. Erfahre mehr \u00fcber die Redaktionen in deiner Gegend und sei selber dabei&#8230;<\/p>\n\n\n\n<div class=\"wp-block-button is-style-fill\"><a class=\"wp-block-button__link has-white-color has-neve-button-color-background-color has-text-color has-background\" href=\"https:\/\/medienvielfalt.net\/index.php\/redaktionen\/\">mehr erfahren<\/a><\/div>\n<\/div>\n\n\n\n<div class=\"wp-block-themeisle-blocks-advanced-column\" id=\"wp-block-themeisle-blocks-advanced-column-372f2dc9\">\n<figure class=\"wp-block-image size-large is-style-default\"><img loading=\"lazy\" decoding=\"async\" width=\"600\" height=\"600\" src=\"https:\/\/medienvielfalt.net\/wp-content\/uploads\/2020\/10\/nmv_web_redaktionen.jpg\" alt=\"\" class=\"wp-image-195\" srcset=\"https:\/\/medienvielfalt.net\/wp-content\/uploads\/2020\/10\/nmv_web_redaktionen.jpg 600w, https:\/\/medienvielfalt.net\/wp-content\/uploads\/2020\/10\/nmv_web_redaktionen-300x300.jpg 300w, https:\/\/medienvielfalt.net\/wp-content\/uploads\/2020\/10\/nmv_web_redaktionen-150x150.jpg 150w\" sizes=\"auto, (max-width: 600px) 100vw, 600px\" \/><\/figure>\n<\/div>\n<\/div><\/div>\n\n\n\n<div class=\"wp-block-themeisle-blocks-advanced-columns alignfull has-2-columns has-desktop-equal-layout has-tablet-equal-layout has-mobile-collapsedRows-layout has-nogap-gap has-vertical-center\" id=\"wp-block-themeisle-blocks-advanced-columns-04f594d2\"><div class=\"wp-block-themeisle-blocks-advanced-columns-overlay\"><\/div><div class=\"innerblocks-wrap\">\n<div class=\"wp-block-themeisle-blocks-advanced-column\" id=\"wp-block-themeisle-blocks-advanced-column-926e7050\">\n<figure class=\"wp-block-image size-large is-style-default\"><img loading=\"lazy\" decoding=\"async\" width=\"600\" height=\"600\" src=\"https:\/\/medienvielfalt.net\/wp-content\/uploads\/2020\/10\/nmv_web_colorfulvoices.jpg\" alt=\"\" class=\"wp-image-197\" srcset=\"https:\/\/medienvielfalt.net\/wp-content\/uploads\/2020\/10\/nmv_web_colorfulvoices.jpg 600w, https:\/\/medienvielfalt.net\/wp-content\/uploads\/2020\/10\/nmv_web_colorfulvoices-300x300.jpg 300w, https:\/\/medienvielfalt.net\/wp-content\/uploads\/2020\/10\/nmv_web_colorfulvoices-150x150.jpg 150w\" sizes=\"auto, (max-width: 600px) 100vw, 600px\" \/><\/figure>\n<\/div>\n\n\n\n<div class=\"wp-block-themeisle-blocks-advanced-column\" id=\"wp-block-themeisle-blocks-advanced-column-00c5b9c2\">\n<h2 class=\"has-white-color has-text-color wp-block-heading\">Colourful Voices.<\/h2>\n\n\n\n<p class=\"has-white-color has-text-color\">colourfulvoices.net ist das Megafon des netzwerks medien.vielfalt! Hier b\u00fcndeln wir unsere Inhalte in <br>Text, Ton und Bild. Schaue und h\u00f6re rein!<\/p>\n\n\n\n<div class=\"wp-block-button is-style-fill\"><a class=\"wp-block-button__link has-white-color has-neve-button-color-background-color has-text-color has-background\" href=\"https:\/\/colourfulvoices.net\" target=\"_blank\" rel=\"noreferrer noopener\">zu den Beitr\u00e4gen auf colorfulvoices.net<\/a><\/div>\n<\/div>\n<\/div><\/div>\n\n\n\n<div class=\"wp-block-themeisle-blocks-advanced-columns alignfull has-2-columns has-desktop-equal-layout has-tablet-equal-layout has-mobile-collapsedRows-layout has-nogap-gap has-vertical-center\" id=\"wp-block-themeisle-blocks-advanced-columns-f66582b8\"><div class=\"wp-block-themeisle-blocks-advanced-columns-overlay\"><\/div><div class=\"innerblocks-wrap\">\n<div class=\"wp-block-themeisle-blocks-advanced-column\" id=\"wp-block-themeisle-blocks-advanced-column-541ad8ce\">\n<h2 class=\"wp-block-heading\">NEWS vom Netzwerk.<\/h2>\n\n\n\n<p>Unsere Inhalte in Audio, Video und Text findet Ihr auf colorfulvoices.net. Wenn Ihr wissen m\u00f6chtet, was wir so machen und wie es mit dem netzwerk medien.vielfalt! vorangeht, erfahrt ihr das in unserem Weblog &#8211; unter NEWS.<\/p>\n\n\n\n<div class=\"wp-block-button is-style-fill\"><a class=\"wp-block-button__link has-white-color has-neve-button-color-background-color has-text-color has-background\" href=\"https:\/\/medienvielfalt.net\/index.php\/news\/\">unsere news auf dem blog lesen<\/a><\/div>\n<\/div>\n\n\n\n<div class=\"wp-block-themeisle-blocks-advanced-column\" id=\"wp-block-themeisle-blocks-advanced-column-3fa1c8e2\">\n<figure class=\"wp-block-image size-large is-style-default\"><img loading=\"lazy\" decoding=\"async\" width=\"900\" height=\"900\" src=\"https:\/\/medienvielfalt.net\/wp-content\/uploads\/2020\/10\/nmv_home_news.jpg\" alt=\"\" class=\"wp-image-242\" srcset=\"https:\/\/medienvielfalt.net\/wp-content\/uploads\/2020\/10\/nmv_home_news.jpg 900w, https:\/\/medienvielfalt.net\/wp-content\/uploads\/2020\/10\/nmv_home_news-300x300.jpg 300w, https:\/\/medienvielfalt.net\/wp-content\/uploads\/2020\/10\/nmv_home_news-150x150.jpg 150w, https:\/\/medienvielfalt.net\/wp-content\/uploads\/2020\/10\/nmv_home_news-768x768.jpg 768w\" sizes=\"auto, (max-width: 900px) 100vw, 900px\" \/><\/figure>\n<\/div>\n<\/div><\/div>\n\n\n\n<div class=\"wp-block-themeisle-blocks-advanced-columns alignfull has-2-columns has-desktop-equal-layout has-tablet-equal-layout has-mobile-collapsedRows-layout has-nogap-gap has-vertical-center\" id=\"wp-block-themeisle-blocks-advanced-columns-81ee2ecd\"><div class=\"wp-block-themeisle-blocks-advanced-columns-overlay\"><\/div><div class=\"innerblocks-wrap\">\n<div class=\"wp-block-themeisle-blocks-advanced-column\" id=\"wp-block-themeisle-blocks-advanced-column-8df7c3e0\">\n<figure class=\"wp-block-image size-large is-style-default\"><img loading=\"lazy\" decoding=\"async\" width=\"1024\" height=\"1024\" src=\"https:\/\/medienvielfalt.net\/wp-content\/uploads\/2022\/07\/Socialmedia_Netzwerk_Quadrat-1024x1024.jpg\" alt=\"\" class=\"wp-image-1501\" srcset=\"https:\/\/medienvielfalt.net\/wp-content\/uploads\/2022\/07\/Socialmedia_Netzwerk_Quadrat-1024x1024.jpg 1024w, https:\/\/medienvielfalt.net\/wp-content\/uploads\/2022\/07\/Socialmedia_Netzwerk_Quadrat-300x300.jpg 300w, https:\/\/medienvielfalt.net\/wp-content\/uploads\/2022\/07\/Socialmedia_Netzwerk_Quadrat-150x150.jpg 150w, https:\/\/medienvielfalt.net\/wp-content\/uploads\/2022\/07\/Socialmedia_Netzwerk_Quadrat-768x768.jpg 768w, https:\/\/medienvielfalt.net\/wp-content\/uploads\/2022\/07\/Socialmedia_Netzwerk_Quadrat-1536x1536.jpg 1536w, https:\/\/medienvielfalt.net\/wp-content\/uploads\/2022\/07\/Socialmedia_Netzwerk_Quadrat-2048x2048.jpg 2048w\" sizes=\"auto, (max-width: 1024px) 100vw, 1024px\" \/><\/figure>\n<\/div>\n\n\n\n<div class=\"wp-block-themeisle-blocks-advanced-column\" id=\"wp-block-themeisle-blocks-advanced-column-2fc4882f\">\n<h2 class=\"wp-block-heading\">Nothing about us without us \u2013 Eine Ausstellung \u00fcber das netzwerk medien.vielfalt!<\/h2>\n\n\n\n<p>\u201eWir sind Medienmacher:innen mit Flucht-oder Migrationserfahrung. Wir erleben Rassismus und Diskriminierung. \u00dcber uns wird viel gesprochen, aber fast nie mit uns.\u201c<\/p>\n\n\n\n<div class=\"wp-block-button is-style-fill\"><a class=\"wp-block-button__link has-white-color has-neve-button-color-background-color has-text-color has-background\" href=\"https:\/\/medienvielfalt.net\/index.php\/ausstellung\/\" target=\"_blank\" rel=\"noreferrer noopener\">Mehr Infos Zur Ausstellung<\/a><\/div>\n<\/div>\n<\/div><\/div>\n\n\n\n<p><\/p>\n\n\n\n<div class=\"wp-block-themeisle-blocks-advanced-columns alignfull has-1-columns has-desktop-equal-layout has-tablet-equal-layout has-mobile-equal-layout has-nogap-gap has-vertical-center\" id=\"wp-block-themeisle-blocks-advanced-columns-b3525c80\"><div class=\"wp-block-themeisle-blocks-advanced-columns-overlay\"><\/div><div class=\"innerblocks-wrap\">\n<div class=\"wp-block-themeisle-blocks-advanced-column\" id=\"wp-block-themeisle-blocks-advanced-column-9d431006\">\n<h2 class=\"has-text-align-center has-neve-btn-bg-hover-color has-text-color wp-block-heading\">Wir suchen Euch!<\/h2>\n\n\n\n<p class=\"has-text-align-center has-white-color has-text-color has-medium-font-size\">Das Netzwerk lebt von der Vielfalt der Engagierten. Wir sind laufend auf der Suche nach neuen Redaktionen, Gruppen, Projekten und Menschen, die sich einbringen m\u00f6chten. Damit meinen wir Euch &#8211; seid dabei!<\/p>\n\n\n\n<div id=\"wp-block-themeisle-blocks-button-group-f4cfaa7f\" class=\"wp-block-themeisle-blocks-button-group collapse-mobile wp-block-buttons align-center\">\n<div id=\"wp-block-themeisle-blocks-button-2f93f5ec\" class=\"wp-block-themeisle-blocks-button wp-block-button\"><a href=\"https:\/\/medienvielfalt.net\/index.php\/mitmachen\/\" target=\"_self\" rel=\"noopener noreferrer\" class=\"wp-block-button__link\"><span>jetzt mitmachen!<\/span><\/a><\/div>\n<\/div>\n<\/div>\n<\/div><\/div>\n","protected":false},"excerpt":{"rendered":"","protected":false},"author":1,"featured_media":0,"parent":0,"menu_order":0,"comment_status":"closed","ping_status":"closed","template":"page-templates\/template-pagebuilder-full-width.php","meta":{"_cbd_carousel_blocks":"[]","neve_meta_sidebar":"full-width","neve_meta_container":"contained","neve_meta_enable_content_width":"off","neve_meta_content_width":30,"neve_meta_title_alignment":"","neve_meta_author_avatar":"","neve_post_elements_order":"","neve_meta_disable_header":"","neve_meta_disable_footer":"","neve_meta_disable_title":"on","_themeisle_gutenberg_block_has_review":false,"footnotes":""},"class_list":["post-5","page","type-page","status-publish","hentry"],"_links":{"self":[{"href":"https:\/\/medienvielfalt.net\/index.php\/wp-json\/wp\/v2\/pages\/5","targetHints":{"allow":["GET"]}}],"collection":[{"href":"https:\/\/medienvielfalt.net\/index.php\/wp-json\/wp\/v2\/pages"}],"about":[{"href":"https:\/\/medienvielfalt.net\/index.php\/wp-json\/wp\/v2\/types\/page"}],"author":[{"embeddable":true,"href":"https:\/\/medienvielfalt.net\/index.php\/wp-json\/wp\/v2\/users\/1"}],"replies":[{"embeddable":true,"href":"https:\/\/medienvielfalt.net\/index.php\/wp-json\/wp\/v2\/comments?post=5"}],"version-history":[{"count":70,"href":"https:\/\/medienvielfalt.net\/index.php\/wp-json\/wp\/v2\/pages\/5\/revisions"}],"predecessor-version":[{"id":1502,"href":"https:\/\/medienvielfalt.net\/index.php\/wp-json\/wp\/v2\/pages\/5\/revisions\/1502"}],"wp:attachment":[{"href":"https:\/\/medienvielfalt.net\/index.php\/wp-json\/wp\/v2\/media?parent=5"}],"curies":[{"name":"wp","href":"https:\/\/api.w.org\/{rel}","templated":true}]}}