{"id":601,"date":"2020-11-06T11:45:41","date_gmt":"2020-11-06T10:45:41","guid":{"rendered":"https:\/\/medienvielfalt.net\/?page_id=601"},"modified":"2020-11-16T11:20:04","modified_gmt":"2020-11-16T10:20:04","slug":"mitmachen","status":"publish","type":"page","link":"https:\/\/medienvielfalt.net\/index.php\/mitmachen\/","title":{"rendered":"MITMACHEN"},"content":{"rendered":"\n<div class=\"wp-block-columns is-layout-flex wp-container-core-columns-is-layout-9d6595d7 wp-block-columns-is-layout-flex\">\n<div class=\"wp-block-column is-layout-flow wp-block-column-is-layout-flow\">\n<figure class=\"wp-block-image size-large is-resized\"><img loading=\"lazy\" decoding=\"async\" src=\"https:\/\/medienvielfalt.net\/wp-content\/uploads\/2020\/09\/DSC1399-1024x453.jpg\" alt=\"\" class=\"wp-image-234\" width=\"1173\" height=\"519\" srcset=\"https:\/\/medienvielfalt.net\/wp-content\/uploads\/2020\/09\/DSC1399-1024x453.jpg 1024w, https:\/\/medienvielfalt.net\/wp-content\/uploads\/2020\/09\/DSC1399-300x133.jpg 300w, https:\/\/medienvielfalt.net\/wp-content\/uploads\/2020\/09\/DSC1399-768x340.jpg 768w, https:\/\/medienvielfalt.net\/wp-content\/uploads\/2020\/09\/DSC1399.jpg 1280w\" sizes=\"auto, (max-width: 1173px) 100vw, 1173px\" \/><figcaption>Das sind wir &#8211; auf dem Netzwerktreffen in Kassel im September 2020<\/figcaption><\/figure>\n\n\n\n<div class=\"wp-block-columns is-layout-flex wp-container-core-columns-is-layout-9d6595d7 wp-block-columns-is-layout-flex\">\n<div class=\"wp-block-column is-layout-flow wp-block-column-is-layout-flow\" style=\"flex-basis:66.66%\">\n<p class=\"has-medium-font-size\">Seid Ihr auch eine transkulturelle Redaktion in einem (Freien) Radio? Eine Podcastgruppe? Ein Videoprojekt oder Magazin f\u00fcr Menschen mit Flucht- oder Migrationserfahrungen? Oder ein anderes alternatives Medienprojekt? <br>Dann seid jetzt dabei beim <strong>netzwerk medien.vielfalt!<\/strong><\/p>\n<\/div>\n\n\n\n<div class=\"wp-block-column is-vertically-aligned-center is-layout-flow wp-block-column-is-layout-flow\" style=\"flex-basis:33.33%\">\n<div class=\"wp-block-buttons is-layout-flex wp-block-buttons-is-layout-flex\">\n<div class=\"wp-block-button is-style-primary\"><a class=\"wp-block-button__link\" href=\"https:\/\/medienvielfalt.net\/index.php\/kontakt\/\">jetzt kontakt aufnehmen<\/a><\/div>\n<\/div>\n\n\n\n<p><\/p>\n<\/div>\n<\/div>\n\n\n\n<p><\/p>\n\n\n\n<p><\/p>\n<\/div>\n<\/div>\n\n\n\n<div class=\"wp-block-columns alignwide has-neve-text-color-color has-text-color has-background is-layout-flex wp-container-core-columns-is-layout-9d6595d7 wp-block-columns-is-layout-flex\" style=\"background-color:#8fc8f7\">\n<div class=\"wp-block-column is-layout-flow wp-block-column-is-layout-flow\">\n<div class=\"wp-block-image\"><figure class=\"aligncenter size-large is-resized\"><img loading=\"lazy\" decoding=\"async\" src=\"https:\/\/medienvielfalt.net\/wp-content\/uploads\/2020\/11\/rouby_heft.jpg\" alt=\"\" class=\"wp-image-628\" width=\"493\" height=\"493\" srcset=\"https:\/\/medienvielfalt.net\/wp-content\/uploads\/2020\/11\/rouby_heft.jpg 300w, https:\/\/medienvielfalt.net\/wp-content\/uploads\/2020\/11\/rouby_heft-150x150.jpg 150w\" sizes=\"auto, (max-width: 493px) 100vw, 493px\" \/><\/figure><\/div>\n<\/div>\n\n\n\n<div class=\"wp-block-column is-vertically-aligned-center is-layout-flow wp-block-column-is-layout-flow\">\n<h2 class=\"wp-block-heading\">Vorteile nutzen.<\/h2>\n\n\n\n<p>Als Netzwerkredaktion k\u00f6nnt Ihr an unseren Treffen teilnehmen, mit unserer Hilfe Workshops und andere Aus- und Fortbildungsma\u00dfnahmen organisieren, Euch mit den anderen Redaktionen austauschen (online oder auch vor Ort) und gemeinsam Themen pr\u00e4sentieren, die uns wichtig sind. Vernetzt Euch in Eurer Region und auch bundesweit!<\/p>\n\n\n\n<div class=\"wp-block-buttons is-layout-flex wp-block-buttons-is-layout-flex\">\n<div class=\"wp-block-button is-style-primary\"><a class=\"wp-block-button__link\" href=\"https:\/\/medienvielfalt.net\/index.php\/kontakt\/\">jetzt kontakt aufnehmen<\/a><\/div>\n<\/div>\n<\/div>\n<\/div>\n\n\n\n<div class=\"wp-block-columns alignwide has-neve-text-color-color has-text-color is-layout-flex wp-container-core-columns-is-layout-9d6595d7 wp-block-columns-is-layout-flex\">\n<div class=\"wp-block-column is-vertically-aligned-center is-layout-flow wp-block-column-is-layout-flow\">\n<h2 class=\"wp-block-heading\">Stimmen erheben.<\/h2>\n\n\n\n<p>\u00dcber uns wird viel gesprochen, aber fast nie mit uns. Das muss sich \u00e4ndern und daf\u00fcr m\u00fcssen wir lauter werden. Je gr\u00f6\u00dfer unser Netzwerk ist, desto mehr k\u00f6nnen wir zusammen erreichen. Mischt Euch ein, macht mit, schlie\u00dft Euch mit Eurer Gruppe dem Netzwerk an und erhebt Eure Stimmen, damit wir zusammen die Medienlandschaft erweitern und zukunftsf\u00e4hig machen k\u00f6nnen &#8211; wir brauchen Euch!<\/p>\n\n\n\n<div class=\"wp-block-buttons is-layout-flex wp-block-buttons-is-layout-flex\">\n<div class=\"wp-block-button is-style-primary\"><a class=\"wp-block-button__link\" href=\"https:\/\/medienvielfalt.net\/index.php\/kontakt\/\">jetzt kontakt aufnehmen<\/a><\/div>\n<\/div>\n\n\n\n<p><\/p>\n<\/div>\n\n\n\n<div class=\"wp-block-column is-layout-flow wp-block-column-is-layout-flow\">\n<div class=\"wp-block-image\"><figure class=\"aligncenter size-large is-resized\"><img loading=\"lazy\" decoding=\"async\" src=\"https:\/\/medienvielfalt.net\/wp-content\/uploads\/2020\/11\/alaa_because.jpg\" alt=\"\" class=\"wp-image-629\" width=\"464\" height=\"464\" srcset=\"https:\/\/medienvielfalt.net\/wp-content\/uploads\/2020\/11\/alaa_because.jpg 300w, https:\/\/medienvielfalt.net\/wp-content\/uploads\/2020\/11\/alaa_because-150x150.jpg 150w\" sizes=\"auto, (max-width: 464px) 100vw, 464px\" \/><\/figure><\/div>\n<\/div>\n<\/div>\n\n\n\n<p><\/p>\n","protected":false},"excerpt":{"rendered":"<p>Seid Ihr auch eine transkulturelle Redaktion in einem (Freien) Radio? Eine Podcastgruppe? Ein Videoprojekt oder Magazin f\u00fcr Menschen mit Flucht- oder Migrationserfahrungen? Oder ein anderes alternatives Medienprojekt? Dann seid jetzt dabei beim netzwerk medien.vielfalt! Vorteile nutzen. Als Netzwerkredaktion k\u00f6nnt Ihr an unseren Treffen teilnehmen, mit unserer Hilfe Workshops und andere Aus- und Fortbildungsma\u00dfnahmen organisieren, Euch&hellip;&nbsp;<a href=\"https:\/\/medienvielfalt.net\/index.php\/mitmachen\/\" rel=\"bookmark\">Weiterlesen &raquo;<span class=\"screen-reader-text\">MITMACHEN<\/span><\/a><\/p>\n","protected":false},"author":1,"featured_media":0,"parent":0,"menu_order":0,"comment_status":"closed","ping_status":"closed","template":"","meta":{"_cbd_carousel_blocks":"[]","neve_meta_sidebar":"full-width","neve_meta_container":"","neve_meta_enable_content_width":"on","neve_meta_content_width":100,"neve_meta_title_alignment":"","neve_meta_author_avatar":"","neve_post_elements_order":"","neve_meta_disable_header":"","neve_meta_disable_footer":"","neve_meta_disable_title":"","_themeisle_gutenberg_block_has_review":false,"footnotes":""},"class_list":["post-601","page","type-page","status-publish","hentry"],"_links":{"self":[{"href":"https:\/\/medienvielfalt.net\/index.php\/wp-json\/wp\/v2\/pages\/601","targetHints":{"allow":["GET"]}}],"collection":[{"href":"https:\/\/medienvielfalt.net\/index.php\/wp-json\/wp\/v2\/pages"}],"about":[{"href":"https:\/\/medienvielfalt.net\/index.php\/wp-json\/wp\/v2\/types\/page"}],"author":[{"embeddable":true,"href":"https:\/\/medienvielfalt.net\/index.php\/wp-json\/wp\/v2\/users\/1"}],"replies":[{"embeddable":true,"href":"https:\/\/medienvielfalt.net\/index.php\/wp-json\/wp\/v2\/comments?post=601"}],"version-history":[{"count":27,"href":"https:\/\/medienvielfalt.net\/index.php\/wp-json\/wp\/v2\/pages\/601\/revisions"}],"predecessor-version":[{"id":648,"href":"https:\/\/medienvielfalt.net\/index.php\/wp-json\/wp\/v2\/pages\/601\/revisions\/648"}],"wp:attachment":[{"href":"https:\/\/medienvielfalt.net\/index.php\/wp-json\/wp\/v2\/media?parent=601"}],"curies":[{"name":"wp","href":"https:\/\/api.w.org\/{rel}","templated":true}]}}

<div class="wp-block-columns is-layout-flex wp-container-core-columns-is-layout-9d6595d7 wp-block-columns-is-layout-flex">
<div class="wp-block-column is-layout-flow wp-block-column-is-layout-flow">
<figure class="wp-block-image size-large is-resized"><img loading="lazy" decoding="async" src="https://medienvielfalt.net/wp-content/uploads/2020/09/DSC1399-1024x453.jpg" alt="" class="wp-image-234" width="1173" height="519" srcset="https://medienvielfalt.net/wp-content/uploads/2020/09/DSC1399-1024x453.jpg 1024w, https://medienvielfalt.net/wp-content/uploads/2020/09/DSC1399-300x133.jpg 300w, https://medienvielfalt.net/wp-content/uploads/2020/09/DSC1399-768x340.jpg 768w, https://medienvielfalt.net/wp-content/uploads/2020/09/DSC1399.jpg 1280w" sizes="auto, (max-width: 1173px) 100vw, 1173px" /><figcaption>Das sind wir &#8211; auf dem Netzwerktreffen in Kassel im September 2020</figcaption></figure>



<div class="wp-block-columns is-layout-flex wp-container-core-columns-is-layout-9d6595d7 wp-block-columns-is-layout-flex">
<div class="wp-block-column is-layout-flow wp-block-column-is-layout-flow" style="flex-basis:66.66%">
<p class="has-medium-font-size">Seid Ihr auch eine transkulturelle Redaktion in einem (Freien) Radio? Eine Podcastgruppe? Ein Videoprojekt oder Magazin für Menschen mit Flucht- oder Migrationserfahrungen? Oder ein anderes alternatives Medienprojekt? <br>Dann seid jetzt dabei beim <strong>netzwerk medien.vielfalt!</strong></p>
</div>



<div class="wp-block-column is-vertically-aligned-center is-layout-flow wp-block-column-is-layout-flow" style="flex-basis:33.33%">
<div class="wp-block-buttons is-layout-flex wp-block-buttons-is-layout-flex">
<div class="wp-block-button is-style-primary"><a class="wp-block-button__link" href="https://medienvielfalt.net/index.php/kontakt/">jetzt kontakt aufnehmen</a></div>
</div>



<p></p>
</div>
</div>



<p></p>



<p></p>
</div>
</div>



<div class="wp-block-columns alignwide has-neve-text-color-color has-text-color has-background is-layout-flex wp-container-core-columns-is-layout-9d6595d7 wp-block-columns-is-layout-flex" style="background-color:#8fc8f7">
<div class="wp-block-column is-layout-flow wp-block-column-is-layout-flow">
<div class="wp-block-image"><figure class="aligncenter size-large is-resized"><img loading="lazy" decoding="async" src="https://medienvielfalt.net/wp-content/uploads/2020/11/rouby_heft.jpg" alt="" class="wp-image-628" width="493" height="493" srcset="https://medienvielfalt.net/wp-content/uploads/2020/11/rouby_heft.jpg 300w, https://medienvielfalt.net/wp-content/uploads/2020/11/rouby_heft-150x150.jpg 150w" sizes="auto, (max-width: 493px) 100vw, 493px" /></figure></div>
</div>



<div class="wp-block-column is-vertically-aligned-center is-layout-flow wp-block-column-is-layout-flow">
<h2 class="wp-block-heading">Vorteile nutzen.</h2>



<p>Als Netzwerkredaktion könnt Ihr an unseren Treffen teilnehmen, mit unserer Hilfe Workshops und andere Aus- und Fortbildungsmaßnahmen organisieren, Euch mit den anderen Redaktionen austauschen (online oder auch vor Ort) und gemeinsam Themen präsentieren, die uns wichtig sind. Vernetzt Euch in Eurer Region und auch bundesweit!</p>



<div class="wp-block-buttons is-layout-flex wp-block-buttons-is-layout-flex">
<div class="wp-block-button is-style-primary"><a class="wp-block-button__link" href="https://medienvielfalt.net/index.php/kontakt/">jetzt kontakt aufnehmen</a></div>
</div>
</div>
</div>



<div class="wp-block-columns alignwide has-neve-text-color-color has-text-color is-layout-flex wp-container-core-columns-is-layout-9d6595d7 wp-block-columns-is-layout-flex">
<div class="wp-block-column is-vertically-aligned-center is-layout-flow wp-block-column-is-layout-flow">
<h2 class="wp-block-heading">Stimmen erheben.</h2>



<p>Über uns wird viel gesprochen, aber fast nie mit uns. Das muss sich ändern und dafür müssen wir lauter werden. Je größer unser Netzwerk ist, desto mehr können wir zusammen erreichen. Mischt Euch ein, macht mit, schließt Euch mit Eurer Gruppe dem Netzwerk an und erhebt Eure Stimmen, damit wir zusammen die Medienlandschaft erweitern und zukunftsfähig machen können &#8211; wir brauchen Euch!</p>



<div class="wp-block-buttons is-layout-flex wp-block-buttons-is-layout-flex">
<div class="wp-block-button is-style-primary"><a class="wp-block-button__link" href="https://medienvielfalt.net/index.php/kontakt/">jetzt kontakt aufnehmen</a></div>
</div>



<p></p>
</div>



<div class="wp-block-column is-layout-flow wp-block-column-is-layout-flow">
<div class="wp-block-image"><figure class="aligncenter size-large is-resized"><img loading="lazy" decoding="async" src="https://medienvielfalt.net/wp-content/uploads/2020/11/alaa_because.jpg" alt="" class="wp-image-629" width="464" height="464" srcset="https://medienvielfalt.net/wp-content/uploads/2020/11/alaa_because.jpg 300w, https://medienvielfalt.net/wp-content/uploads/2020/11/alaa_because-150x150.jpg 150w" sizes="auto, (max-width: 464px) 100vw, 464px" /></figure></div>
</div>
</div>



<p></p>

<p>Seid Ihr auch eine transkulturelle Redaktion in einem (Freien) Radio? Eine Podcastgruppe? Ein Videoprojekt oder Magazin für Menschen mit Flucht- oder Migrationserfahrungen? Oder ein anderes alternatives Medienprojekt? Dann seid jetzt dabei beim netzwerk medien.vielfalt! Vorteile nutzen. Als Netzwerkredaktion könnt Ihr an unseren Treffen teilnehmen, mit unserer Hilfe Workshops und andere Aus- und Fortbildungsmaßnahmen organisieren, Euch&hellip;&nbsp;<a href="https://medienvielfalt.net/index.php/mitmachen/" rel="bookmark">Weiterlesen &raquo;<span class="screen-reader-text">MITMACHEN</span></a></p>
